{"id":9813,"date":"2025-09-14T01:26:17","date_gmt":"2025-09-13T23:26:17","guid":{"rendered":"http:\/\/localhost\/baseusci\/?post_type=product&#038;p=9813"},"modified":"2026-03-22T00:59:30","modified_gmt":"2026-03-21T23:59:30","slug":"aspirateur-de-voiture-baseus-a2pro-6000pa-noir-vcaq040001","status":"publish","type":"product","link":"https:\/\/baseus.ci\/index.php\/product\/aspirateur-de-voiture-baseus-a2pro-6000pa-noir-vcaq040001\/","title":{"rendered":"Aspirateur de voiture Baseus A2Pro 6000pa Noir -VCAQ040001"},"content":{"rendered":"<table width=\"270\">\n<tbody>\n<tr>\n<td width=\"270\">L&rsquo;aspirateur Baseus ramasse efficacement la salet\u00e9 gr\u00e2ce \u00e0 sa puissance de 6000 Pa. Il sera parfait pour nettoyer votre voiture et votre maison. La batterie robuste offre une longue autonomie et le r\u00e9servoir \u00e0 poussi\u00e8re de 120 ml r\u00e9duit la fr\u00e9quence de vidange. De plus, le filtre HEPA \u00e9limine jusqu&rsquo;\u00e0 99,7 % des salet\u00e9s. Vous trouverez \u00e9galement des pinceaux dans le kit pour diverses applications. De plus, le produit est disponible en 3 versions de couleurs .<br \/>\nPuissance d&rsquo;aspiration de 6000 Pa<br \/>\nL&rsquo;aspirateur de voiture sans fil Baseus est \u00e9quip\u00e9 d&rsquo;un moteur qui fonctionne \u00e0 50 000 tr\/min et ne g\u00e9n\u00e8re pas beaucoup de bruit (65 dB). De plus, la force d&rsquo;aspiration de 6 000 Pa vous permet d&rsquo;\u00e9liminer en profondeur les salet\u00e9s les plus grosses et les plus petites.<br \/>\nL\u00e9ger et compact<br \/>\nL&rsquo;appareil se distingue par son design ergonomique et l\u00e9ger \u2013 il p\u00e8se environ 508 g, ce qui se traduit par un confort optimal. De plus, il est compact et son rangement ne prendra pas trop de place. Vous pouvez le ranger avec succ\u00e8s dans la bo\u00eete \u00e0 gants de votre voiture ou dans un tiroir de la maison.<br \/>\nOp\u00e9ration efficiente<br \/>\nL&rsquo;aspirateur est \u00e9quip\u00e9 d&rsquo;une batterie de 2000 mAh, ce qui se traduit par une longue dur\u00e9e de travail. Cela signifie que vous pouvez l\u2019utiliser jusqu\u2019\u00e0 20 fois avec une seule charge. De plus, le filtre HEPA \u00e9limine jusqu&rsquo;\u00e0 99,7 % des polluants et \u00e9vite la recontamination de l&rsquo;air.<br \/>\nAccessoires inclus<br \/>\nDans l&#8217;emballage, vous trouverez des accessoires suppl\u00e9mentaires pour faciliter le nettoyage. La buse \u00e9troite chasse la salet\u00e9 des espaces difficiles d&rsquo;acc\u00e8s. Tandis que la deuxi\u00e8me brosse est constitu\u00e9e d&rsquo;une partie \u00e9troite qui permet de nettoyer les tissus d&rsquo;ameublement et de manipuler parfaitement la poussi\u00e8re, les miettes ; et une brosse douce qui ramasse la poussi\u00e8re, les cheveux, etc.<br \/>\nPuissance d&rsquo;aspiration 6000 Pa<br \/>\nMat\u00e9riel ABS, PC<br \/>\nPoids environ. 508 g<br \/>\nTension d&rsquo;entr\u00e9e 5V\/2A<br \/>\nPuissance nominale 80 W<br \/>\nCapacit\u00e9 de la batterie 2000 mAh<br \/>\nTemps de charge environ. 3,5 heures<br \/>\nNiveau de bruit 65 dB<br \/>\nPort de chargement USB-C<br \/>\nDimensions 268x61mm<br \/>\nCapacit\u00e9 du r\u00e9servoir \u00e0 poussi\u00e8re 120 ml<\/td>\n<\/tr>\n<\/tbody>\n<\/table>\n","protected":false},"excerpt":{"rendered":"<p>L&rsquo;aspirateur Baseus ramasse efficacement la salet\u00e9 gr\u00e2ce \u00e0 sa puissance de 6000 Pa. Il sera parfait pour nettoyer votre voiture et votre maison. La batterie robuste offre une longue autonomie et le r\u00e9servoir \u00e0 poussi\u00e8re de 120 ml r\u00e9duit la fr\u00e9quence de vidange. De plus, le filtre HEPA \u00e9limine jusqu&rsquo;\u00e0 99,7 % des salet\u00e9s. Vous [&hellip;]<\/p>\n","protected":false},"featured_media":10019,"comment_status":"open","ping_status":"closed","template":"","meta":[],"product_cat":[15],"product_tag":[],"class_list":{"0":"post-9813","1":"product","2":"type-product","3":"status-publish","4":"has-post-thumbnail","6":"product_cat-uncategorized","8":"first","9":"outofstock","10":"sale","11":"shipping-taxable","12":"purchasable","13":"product-type-simple"},"jetpack_sharing_enabled":true,"_links":{"self":[{"href":"https:\/\/baseus.ci\/index.php\/wp-json\/wp\/v2\/product\/9813","targetHints":{"allow":["GET"]}}],"collection":[{"href":"https:\/\/baseus.ci\/index.php\/wp-json\/wp\/v2\/product"}],"about":[{"href":"https:\/\/baseus.ci\/index.php\/wp-json\/wp\/v2\/types\/product"}],"replies":[{"embeddable":true,"href":"https:\/\/baseus.ci\/index.php\/wp-json\/wp\/v2\/comments?post=9813"}],"wp:featuredmedia":[{"embeddable":true,"href":"https:\/\/baseus.ci\/index.php\/wp-json\/wp\/v2\/media\/10019"}],"wp:attachment":[{"href":"https:\/\/baseus.ci\/index.php\/wp-json\/wp\/v2\/media?parent=9813"}],"wp:term":[{"taxonomy":"product_cat","embeddable":true,"href":"https:\/\/baseus.ci\/index.php\/wp-json\/wp\/v2\/product_cat?post=9813"},{"taxonomy":"product_tag","embeddable":true,"href":"https:\/\/baseus.ci\/index.php\/wp-json\/wp\/v2\/product_tag?post=9813"}],"curies":[{"name":"wp","href":"https:\/\/api.w.org\/{rel}","templated":true}]}}