{"id":9771,"date":"2025-09-14T01:23:58","date_gmt":"2025-09-13T23:23:58","guid":{"rendered":"http:\/\/localhost\/baseusci\/?post_type=product&#038;p=9771"},"modified":"2026-04-27T17:23:23","modified_gmt":"2026-04-27T15:23:23","slug":"lampe-led-detecteur-de-mouvement-baseus-sunshine-lumiere-automatique-sans-fil-a-abidjan-cote-divoire","status":"publish","type":"product","link":"https:\/\/baseus.ci\/index.php\/product\/lampe-led-detecteur-de-mouvement-baseus-sunshine-lumiere-automatique-sans-fil-a-abidjan-cote-divoire\/","title":{"rendered":"Lampe LED d\u00e9tecteur de mouvement Baseus Sunshine \u2013 Lumi\u00e8re automatique sans fil \u00e0 Abidjan (C\u00f4te d\u2019Ivoire)"},"content":{"rendered":"<h2 data-section-id=\"1elvtby\" data-start=\"639\" data-end=\"678\">\ud83d\udca1 \u00c9clairage automatique intelligent<\/h2>\n<p data-start=\"679\" data-end=\"808\">La lampe Baseus Sunshine s\u2019allume automatiquement d\u00e8s qu\u2019elle d\u00e9tecte un mouvement dans l\u2019obscurit\u00e9. Plus besoin d\u2019interrupteur !<\/p>\n<hr data-start=\"810\" data-end=\"813\" \/>\n<h2 data-section-id=\"16to1un\" data-start=\"815\" data-end=\"857\">\ud83e\udde0 Capteur de mouvement haute pr\u00e9cision<\/h2>\n<p data-start=\"858\" data-end=\"903\">\u00c9quip\u00e9e d\u2019un capteur infrarouge intelligent :<\/p>\n<ul data-start=\"904\" data-end=\"1015\">\n<li data-section-id=\"17jfsai\" data-start=\"904\" data-end=\"940\">D\u00e9tection rapide du corps humain<\/li>\n<li data-section-id=\"nltt2n\" data-start=\"941\" data-end=\"964\">Allumage instantan\u00e9<\/li>\n<li data-section-id=\"1g8ciav\" data-start=\"965\" data-end=\"1015\">Extinction automatique apr\u00e8s quelques secondes<\/li>\n<\/ul>\n<hr data-start=\"1017\" data-end=\"1020\" \/>\n<h2 data-section-id=\"r6vw9l\" data-start=\"1022\" data-end=\"1062\">\ud83d\udd0b Batterie rechargeable longue dur\u00e9e<\/h2>\n<p data-start=\"1063\" data-end=\"1159\">Fini les piles ! Rechargez facilement votre lampe via USB et profitez d\u2019une autonomie prolong\u00e9e.<\/p>\n<hr data-start=\"1161\" data-end=\"1164\" \/>\n<h2 data-section-id=\"orj8c1\" data-start=\"1166\" data-end=\"1203\">\ud83d\udd0c Installation sans fil et facile<\/h2>\n<ul data-start=\"1204\" data-end=\"1303\">\n<li data-section-id=\"l0dodu\" data-start=\"1204\" data-end=\"1227\">Fixation magn\u00e9tique<\/li>\n<li data-section-id=\"1vj4lgv\" data-start=\"1228\" data-end=\"1257\">Peut \u00eatre coll\u00e9e ou pos\u00e9e<\/li>\n<li data-section-id=\"1s7gcum\" data-start=\"1258\" data-end=\"1303\">Aucune installation \u00e9lectrique n\u00e9cessaire<\/li>\n<\/ul>\n<hr data-start=\"1305\" data-end=\"1308\" \/>\n<h2 data-section-id=\"11f7wh8\" data-start=\"1310\" data-end=\"1344\">\ud83c\udf19 Lumi\u00e8re douce et confortable<\/h2>\n<p data-start=\"1345\" data-end=\"1442\">\u00c9clairage LED non agressif pour les yeux, id\u00e9al pour une utilisation nocturne sans \u00e9blouissement.<\/p>\n<hr data-start=\"1444\" data-end=\"1447\" \/>\n<h2 data-section-id=\"33duvl\" data-start=\"1449\" data-end=\"1478\">\ud83c\udfe0 Utilisation polyvalente<\/h2>\n<p data-start=\"1479\" data-end=\"1494\">Parfaite pour :<\/p>\n<ul data-start=\"1495\" data-end=\"1559\">\n<li data-section-id=\"oej2jh\" data-start=\"1495\" data-end=\"1508\">Escaliers<\/li>\n<li data-section-id=\"jhgrlm\" data-start=\"1509\" data-end=\"1521\">Couloirs<\/li>\n<li data-section-id=\"fs04lu\" data-start=\"1522\" data-end=\"1534\">Placards<\/li>\n<li data-section-id=\"1jo53u1\" data-start=\"1535\" data-end=\"1547\">Chambres<\/li>\n<li data-section-id=\"1m0wbs6\" data-start=\"1548\" data-end=\"1559\">Cuisine<\/li>\n<\/ul>\n<hr data-start=\"1561\" data-end=\"1564\" \/>\n<h2 data-section-id=\"zuzpg6\" data-start=\"1566\" data-end=\"1597\">\ud83c\udfa8 Design moderne et discret<\/h2>\n<p data-start=\"1598\" data-end=\"1669\">Son design fin et \u00e9l\u00e9gant s\u2019int\u00e8gre parfaitement \u00e0 tous les int\u00e9rieurs.<\/p>\n<hr data-start=\"1671\" data-end=\"1674\" \/>\n<h2 data-section-id=\"12wokia\" data-start=\"1676\" data-end=\"1715\">\ud83d\udee1\ufe0f Produit original certifi\u00e9 Baseus<\/h2>\n<p data-start=\"1716\" data-end=\"1788\">\u2714\ufe0f 100% authentique<br data-start=\"1735\" data-end=\"1738\" \/>\u2714\ufe0f Haute qualit\u00e9 garantie<br data-start=\"1763\" data-end=\"1766\" \/>\u2714\ufe0f Test\u00e9 et certifi\u00e9<\/p>\n<p data-start=\"1790\" data-end=\"1847\">\ud83c\udf10 Le site officiel de la marque est : <strong data-start=\"1829\" data-end=\"1847\"><a class=\"decorated-link cursor-pointer\" target=\"_new\" rel=\"noopener\" data-start=\"1831\" data-end=\"1845\">www.baseus.com<\/a><\/strong><\/p>\n<hr data-start=\"1849\" data-end=\"1852\" \/>\n<h1 data-section-id=\"8fipsp\" data-start=\"1854\" data-end=\"1901\"><span role=\"text\">\u2699\ufe0f <strong data-start=\"1859\" data-end=\"1901\">Caract\u00e9ristiques techniques d\u00e9taill\u00e9es<\/strong><\/span><\/h1>\n<ul data-start=\"1903\" data-end=\"2462\">\n<li data-section-id=\"iin2im\" data-start=\"1903\" data-end=\"1926\"><strong data-start=\"1905\" data-end=\"1917\">Marque :<\/strong> Baseus<\/li>\n<li data-section-id=\"3ppgb4\" data-start=\"1927\" data-end=\"1963\"><strong data-start=\"1929\" data-end=\"1941\">Mod\u00e8le :<\/strong> Sunshine DGSUN-RB02<\/li>\n<li data-section-id=\"17ilw59\" data-start=\"1964\" data-end=\"2016\"><strong data-start=\"1966\" data-end=\"1976\">Type :<\/strong> Lampe LED avec d\u00e9tecteur de mouvement<\/li>\n<li data-section-id=\"6g1tx3\" data-start=\"2017\" data-end=\"2063\"><strong data-start=\"2019\" data-end=\"2036\">Technologie :<\/strong> Capteur infrarouge (PIR)<\/li>\n<li data-section-id=\"o534bf\" data-start=\"2064\" data-end=\"2115\"><strong data-start=\"2066\" data-end=\"2076\">Mode :<\/strong> Automatique (d\u00e9tection de mouvement)<\/li>\n<li data-section-id=\"1hjl8af\" data-start=\"2116\" data-end=\"2146\"><strong data-start=\"2118\" data-end=\"2140\">Source lumineuse :<\/strong> LED<\/li>\n<li data-section-id=\"168ii7q\" data-start=\"2147\" data-end=\"2210\"><strong data-start=\"2149\" data-end=\"2177\">Temp\u00e9rature de couleur :<\/strong> Lumi\u00e8re chaude (environ 3000K)<\/li>\n<li data-section-id=\"1yyrspy\" data-start=\"2211\" data-end=\"2255\"><strong data-start=\"2213\" data-end=\"2231\">Alimentation :<\/strong> Batterie rechargeable<\/li>\n<li data-section-id=\"g2ufi3\" data-start=\"2256\" data-end=\"2278\"><strong data-start=\"2258\" data-end=\"2272\">Recharge :<\/strong> USB<\/li>\n<li data-section-id=\"19qmywm\" data-start=\"2279\" data-end=\"2332\"><strong data-start=\"2281\" data-end=\"2296\">Autonomie :<\/strong> Plusieurs jours selon utilisation<\/li>\n<li data-section-id=\"1utb3ng\" data-start=\"2333\" data-end=\"2377\"><strong data-start=\"2335\" data-end=\"2353\">Installation :<\/strong> Magn\u00e9tique \/ adh\u00e9sive<\/li>\n<li data-section-id=\"20h2os\" data-start=\"2378\" data-end=\"2406\"><strong data-start=\"2380\" data-end=\"2395\">Mat\u00e9riaux :<\/strong> ABS + PC<\/li>\n<li data-section-id=\"1n7fxpu\" data-start=\"2407\" data-end=\"2438\"><strong data-start=\"2409\" data-end=\"2426\">Utilisation :<\/strong> Int\u00e9rieur<\/li>\n<li data-section-id=\"xekvpj\" data-start=\"2439\" data-end=\"2462\"><strong data-start=\"2441\" data-end=\"2454\">Couleur :<\/strong> Blanc<\/li>\n<\/ul>\n","protected":false},"excerpt":{"rendered":"<p>\u00c9clairez automatiquement vos espaces avec la lampe Baseus Sunshine \u00e0 d\u00e9tecteur de mouvement. Sans fil, rechargeable et intelligente, elle s\u2019allume d\u00e8s qu\u2019un mouvement est d\u00e9tect\u00e9. Id\u00e9ale pour couloirs, escaliers, chambres et placards.<br data-start=\"523\" data-end=\"526\" \/>\ud83d\udccd Disponible \u00e0 Abidjan avec livraison rapide.<\/p>\n","protected":false},"featured_media":9992,"comment_status":"open","ping_status":"closed","template":"","meta":[],"product_cat":[83],"product_tag":[],"class_list":{"0":"post-9771","1":"product","2":"type-product","3":"status-publish","4":"has-post-thumbnail","6":"product_cat-in-home","8":"first","9":"instock","10":"sale","11":"shipping-taxable","12":"purchasable","13":"product-type-simple"},"jetpack_sharing_enabled":true,"_links":{"self":[{"href":"https:\/\/baseus.ci\/index.php\/wp-json\/wp\/v2\/product\/9771","targetHints":{"allow":["GET"]}}],"collection":[{"href":"https:\/\/baseus.ci\/index.php\/wp-json\/wp\/v2\/product"}],"about":[{"href":"https:\/\/baseus.ci\/index.php\/wp-json\/wp\/v2\/types\/product"}],"replies":[{"embeddable":true,"href":"https:\/\/baseus.ci\/index.php\/wp-json\/wp\/v2\/comments?post=9771"}],"wp:featuredmedia":[{"embeddable":true,"href":"https:\/\/baseus.ci\/index.php\/wp-json\/wp\/v2\/media\/9992"}],"wp:attachment":[{"href":"https:\/\/baseus.ci\/index.php\/wp-json\/wp\/v2\/media?parent=9771"}],"wp:term":[{"taxonomy":"product_cat","embeddable":true,"href":"https:\/\/baseus.ci\/index.php\/wp-json\/wp\/v2\/product_cat?post=9771"},{"taxonomy":"product_tag","embeddable":true,"href":"https:\/\/baseus.ci\/index.php\/wp-json\/wp\/v2\/product_tag?post=9771"}],"curies":[{"name":"wp","href":"https:\/\/api.w.org\/{rel}","templated":true}]}}