{"id":9676,"date":"2025-09-14T01:20:08","date_gmt":"2025-09-13T23:20:08","guid":{"rendered":"http:\/\/localhost\/baseusci\/?post_type=product&#038;p=9676"},"modified":"2026-03-22T01:16:25","modified_gmt":"2026-03-22T00:16:25","slug":"baseus-protecteur-de-porte-de-voiture-transparent-crfzt-a02","status":"publish","type":"product","link":"https:\/\/baseus.ci\/index.php\/product\/baseus-protecteur-de-porte-de-voiture-transparent-crfzt-a02\/","title":{"rendered":"Baseus protecteur de porte de voiture Transparent CRFZT-A02"},"content":{"rendered":"<table width=\"270\">\n<tbody>\n<tr>\n<td width=\"270\">Protecteur de portiere et carrosserie 04 pi\u00e8ces, autocollant de protection d&rsquo;angle pour bord de voiture, pare-choc, accessoire de protection de porte de v\u00e9hicule<\/p>\n<p>Enti\u00e8rement Transparent et Invisible peut \u00eatre coll\u00e9 n&rsquo;importe o\u00f9<\/p>\n<p>Tr\u00e8s esth\u00e9tique, transparent et invisible, int\u00e9gr\u00e9 dans la couleur ambiante de la peinture, adapt\u00e9 \u00e0 toutes sortes de mod\u00e8les de voiture.<br \/>\nTampon Airbag pas peur de bosse lors de l&rsquo;ouverture de la porte<\/p>\n<p>Protection d&rsquo;airbag de s\u00e9curit\u00e9 \u00e9vid\u00e9e, tampons multiples, meilleure protection pour la carrosserie.<br \/>\nLe TPU sp\u00e9cial est recyclable avec une r\u00e9sistance \u00e0 la traction \u00e9lev\u00e9e, de meilleures collisions de mise en m\u00e9moire tampon<br \/>\nPas de jaunissement lors de l&rsquo;exposition au soleil pas de d\u00e9formation lors de la flexion<\/p>\n<p>Reformation dans-20-70 \u2103 diff\u00e9rence de temp\u00e9rature, pas de jaunissement sous haute temp\u00e9rature et exposition au soleil, pas de nouveau sous le vent et la pluie, avec une dur\u00e9e de vie prolong\u00e9e.<br \/>\nPas peur de coller le d\u00e9chirement et le collage sans trace tordu, prot\u00e9geant la peinture de voiture<\/p>\n<p>Adh\u00e9sif Invisible sans trace 3M, solide et fiable, n&rsquo;endommage jamais la voiture<br \/>\nVoiture de lavage \u00e9tanche Standard avec s\u00e9curit\u00e9<\/p>\n<p>Conception imperm\u00e9able professionnelle, facile \u00e0 traiter avec des environnements durs tels que la pluie, le lavage de voiture, le froid, la poussi\u00e8re, etc., bonne adh\u00e9rence, aucune chute apr\u00e8s une utilisation \u00e0 long terme.<\/td>\n<\/tr>\n<\/tbody>\n<\/table>\n","protected":false},"excerpt":{"rendered":"<p>Protecteur de portiere et carrosserie 04 pi\u00e8ces, autocollant de protection d&rsquo;angle pour bord de voiture, pare-choc, accessoire de protection de porte de v\u00e9hicule Enti\u00e8rement Transparent et Invisible peut \u00eatre coll\u00e9 n&rsquo;importe o\u00f9 Tr\u00e8s esth\u00e9tique, transparent et invisible, int\u00e9gr\u00e9 dans la couleur ambiante de la peinture, adapt\u00e9 \u00e0 toutes sortes de mod\u00e8les de voiture. Tampon Airbag [&hellip;]<\/p>\n","protected":false},"featured_media":9926,"comment_status":"open","ping_status":"closed","template":"","meta":[],"product_cat":[73],"product_tag":[],"class_list":{"0":"post-9676","1":"product","2":"type-product","3":"status-publish","4":"has-post-thumbnail","6":"product_cat-in-auto","8":"first","9":"instock","10":"shipping-taxable","11":"purchasable","12":"product-type-simple"},"jetpack_sharing_enabled":true,"_links":{"self":[{"href":"https:\/\/baseus.ci\/index.php\/wp-json\/wp\/v2\/product\/9676","targetHints":{"allow":["GET"]}}],"collection":[{"href":"https:\/\/baseus.ci\/index.php\/wp-json\/wp\/v2\/product"}],"about":[{"href":"https:\/\/baseus.ci\/index.php\/wp-json\/wp\/v2\/types\/product"}],"replies":[{"embeddable":true,"href":"https:\/\/baseus.ci\/index.php\/wp-json\/wp\/v2\/comments?post=9676"}],"wp:featuredmedia":[{"embeddable":true,"href":"https:\/\/baseus.ci\/index.php\/wp-json\/wp\/v2\/media\/9926"}],"wp:attachment":[{"href":"https:\/\/baseus.ci\/index.php\/wp-json\/wp\/v2\/media?parent=9676"}],"wp:term":[{"taxonomy":"product_cat","embeddable":true,"href":"https:\/\/baseus.ci\/index.php\/wp-json\/wp\/v2\/product_cat?post=9676"},{"taxonomy":"product_tag","embeddable":true,"href":"https:\/\/baseus.ci\/index.php\/wp-json\/wp\/v2\/product_tag?post=9676"}],"curies":[{"name":"wp","href":"https:\/\/api.w.org\/{rel}","templated":true}]}}