{"id":9596,"date":"2025-09-14T01:18:19","date_gmt":"2025-09-13T23:18:19","guid":{"rendered":"http:\/\/localhost\/baseusci\/?post_type=product&#038;p=9596"},"modified":"2026-04-01T15:42:57","modified_gmt":"2026-04-01T13:42:57","slug":"cable-usb-c-vers-displayport-8k-baseus-1-5m-haute-definition-60hz-a-abidjan-cote-divoire","status":"publish","type":"product","link":"https:\/\/baseus.ci\/index.php\/product\/cable-usb-c-vers-displayport-8k-baseus-1-5m-haute-definition-60hz-a-abidjan-cote-divoire\/","title":{"rendered":"C\u00e2ble USB-C vers DisplayPort 8K Baseus 1.5m \u2013 Haute d\u00e9finition 60Hz \u00e0 Abidjan (C\u00f4te d\u2019Ivoire)"},"content":{"rendered":"<h1 data-section-id=\"43umeh\" data-start=\"550\" data-end=\"608\"><\/h1>\n<h2 data-section-id=\"wjiz7u\" data-start=\"610\" data-end=\"655\">\ud83d\udda5\ufe0f R\u00e9solution ultra HD 8K impressionnante<\/h2>\n<p data-start=\"656\" data-end=\"724\">Profitez d\u2019une qualit\u00e9 d\u2019image exceptionnelle avec prise en charge :<\/p>\n<ul data-start=\"725\" data-end=\"788\">\n<li data-section-id=\"t2txu7\" data-start=\"725\" data-end=\"738\">8K @ 60Hz<\/li>\n<li data-section-id=\"1uluq38\" data-start=\"739\" data-end=\"753\">4K @ 144Hz<\/li>\n<li data-section-id=\"17mud56\" data-start=\"754\" data-end=\"788\">Images nettes et ultra fluides<\/li>\n<\/ul>\n<p data-start=\"790\" data-end=\"848\">Id\u00e9al pour gaming, montage vid\u00e9o et travail professionnel.<\/p>\n<hr data-start=\"850\" data-end=\"853\" \/>\n<h2 data-section-id=\"aul5hy\" data-start=\"855\" data-end=\"893\">\ud83d\udd0c Connexion USB-C vers DisplayPort<\/h2>\n<p data-start=\"894\" data-end=\"926\">Permet de connecter facilement :<\/p>\n<ul data-start=\"927\" data-end=\"989\">\n<li data-section-id=\"1ec1lki\" data-start=\"927\" data-end=\"950\">Ordinateur portable<\/li>\n<li data-section-id=\"1gucymj\" data-start=\"951\" data-end=\"976\">Smartphone compatible<\/li>\n<li data-section-id=\"lgteyb\" data-start=\"977\" data-end=\"989\">Tablette<\/li>\n<\/ul>\n<p data-start=\"991\" data-end=\"1041\">\u27a1\ufe0f Vers \u00e9cran, moniteur ou projecteur DisplayPort.<\/p>\n<hr data-start=\"1043\" data-end=\"1046\" \/>\n<h2 data-section-id=\"1sandyd\" data-start=\"1048\" data-end=\"1082\">\u26a1 Transmission rapide et stable<\/h2>\n<ul data-start=\"1083\" data-end=\"1163\">\n<li data-section-id=\"ll0vlc\" data-start=\"1083\" data-end=\"1107\">Signal haute vitesse<\/li>\n<li data-section-id=\"ttbgfp\" data-start=\"1108\" data-end=\"1126\">Aucune latence<\/li>\n<li data-section-id=\"qm4uzy\" data-start=\"1127\" data-end=\"1163\">Qualit\u00e9 d\u2019image sans compression<\/li>\n<\/ul>\n<hr data-start=\"1165\" data-end=\"1168\" \/>\n<h2 data-section-id=\"1c2d8xn\" data-start=\"1170\" data-end=\"1210\">\ud83c\udfae Parfait pour gaming &amp; productivit\u00e9<\/h2>\n<ul data-start=\"1211\" data-end=\"1299\">\n<li data-section-id=\"lr2obq\" data-start=\"1211\" data-end=\"1239\">Exp\u00e9rience gaming fluide<\/li>\n<li data-section-id=\"tn2p97\" data-start=\"1240\" data-end=\"1267\">Id\u00e9al pour double \u00e9cran<\/li>\n<li data-section-id=\"7slo16\" data-start=\"1268\" data-end=\"1299\">Optimis\u00e9 pour montage vid\u00e9o<\/li>\n<\/ul>\n<hr data-start=\"1301\" data-end=\"1304\" \/>\n<h2 data-section-id=\"1skhdrv\" data-start=\"1306\" data-end=\"1340\">\ud83d\udd12 Conception unidirectionnelle<\/h2>\n<p data-start=\"1341\" data-end=\"1413\">\u26a0\ufe0f Fonctionne uniquement :<br \/>\n\ud83d\udc49 USB-C \u279d DisplayPort<br data-start=\"1390\" data-end=\"1393\" \/>(non bidirectionnel)<\/p>\n<hr data-start=\"1415\" data-end=\"1418\" \/>\n<h2 data-section-id=\"1xn370s\" data-start=\"1420\" data-end=\"1452\">\ud83d\udcaa Qualit\u00e9 premium et durable<\/h2>\n<ul data-start=\"1453\" data-end=\"1519\">\n<li data-section-id=\"qjaqx6\" data-start=\"1453\" data-end=\"1471\">C\u00e2ble renforc\u00e9<\/li>\n<li data-section-id=\"1nrl7qk\" data-start=\"1472\" data-end=\"1495\">Connecteurs solides<\/li>\n<li data-section-id=\"1d7jbes\" data-start=\"1496\" data-end=\"1519\">R\u00e9sistant \u00e0 l\u2019usure<\/li>\n<\/ul>\n<hr data-start=\"1521\" data-end=\"1524\" \/>\n<h2 data-section-id=\"12rq7mp\" data-start=\"1526\" data-end=\"1553\">\ud83d\udccf Longueur id\u00e9ale 1.5 m<\/h2>\n<p data-start=\"1554\" data-end=\"1613\">Offre un excellent confort d\u2019utilisation sans encombrement.<\/p>\n<hr data-start=\"1615\" data-end=\"1618\" \/>\n<h2 data-section-id=\"12wokia\" data-start=\"1620\" data-end=\"1659\">\ud83d\udee1\ufe0f Produit original certifi\u00e9 Baseus<\/h2>\n<p data-start=\"1660\" data-end=\"1736\">\u2714\ufe0f 100% authentique<br data-start=\"1679\" data-end=\"1682\" \/>\u2714\ufe0f Haute qualit\u00e9 garantie<br data-start=\"1707\" data-end=\"1710\" \/>\u2714\ufe0f Performance certifi\u00e9e<\/p>\n<p data-start=\"1738\" data-end=\"1795\">\ud83c\udf10 Le site officiel de la marque est : <strong data-start=\"1777\" data-end=\"1795\"><a class=\"decorated-link cursor-pointer\" target=\"_new\" rel=\"noopener\" data-start=\"1779\" data-end=\"1793\">www.baseus.com<\/a><\/strong><\/p>\n<hr data-start=\"1797\" data-end=\"1800\" \/>\n<h1 data-section-id=\"8fipsp\" data-start=\"1802\" data-end=\"1849\"><span role=\"text\">\u2699\ufe0f <strong data-start=\"1807\" data-end=\"1849\">Caract\u00e9ristiques techniques d\u00e9taill\u00e9es<\/strong><\/span><\/h1>\n<ul data-start=\"1851\" data-end=\"2421\">\n<li data-section-id=\"iin2im\" data-start=\"1851\" data-end=\"1874\"><strong data-start=\"1853\" data-end=\"1865\">Marque :<\/strong> Baseus<\/li>\n<li data-section-id=\"1162zva\" data-start=\"1875\" data-end=\"1913\"><strong data-start=\"1877\" data-end=\"1888\">S\u00e9rie :<\/strong> High Definition Series<\/li>\n<li data-section-id=\"1f2jrg3\" data-start=\"1914\" data-end=\"1944\"><strong data-start=\"1916\" data-end=\"1931\">R\u00e9f\u00e9rence :<\/strong> WKGQ010001<\/li>\n<li data-section-id=\"sgji6z\" data-start=\"1945\" data-end=\"1988\"><strong data-start=\"1947\" data-end=\"1957\">Type :<\/strong> C\u00e2ble USB-C vers DisplayPort<\/li>\n<li data-section-id=\"17qd53c\" data-start=\"1989\" data-end=\"2013\"><strong data-start=\"1991\" data-end=\"2005\">Longueur :<\/strong> 1.5 m<\/li>\n<li data-section-id=\"4bgypb\" data-start=\"2014\" data-end=\"2053\"><strong data-start=\"2016\" data-end=\"2041\">R\u00e9solution maximale :<\/strong> 8K @ 60Hz<\/li>\n<li data-section-id=\"a0dmun\" data-start=\"2054\" data-end=\"2095\"><strong data-start=\"2056\" data-end=\"2082\">R\u00e9solution support\u00e9e :<\/strong> 4K @ 144Hz<\/li>\n<li data-section-id=\"10l9rsy\" data-start=\"2096\" data-end=\"2160\"><strong data-start=\"2098\" data-end=\"2113\">Direction :<\/strong> Unidirectionnelle (USB-C vers DP uniquement)<\/li>\n<li data-section-id=\"fodj23\" data-start=\"2161\" data-end=\"2208\"><strong data-start=\"2163\" data-end=\"2181\">Transmission :<\/strong> Haute vitesse sans perte<\/li>\n<li data-section-id=\"1pnsnhz\" data-start=\"2209\" data-end=\"2267\"><strong data-start=\"2211\" data-end=\"2226\">Mat\u00e9riaux :<\/strong> PVC renforc\u00e9 + connecteurs m\u00e9talliques<\/li>\n<li data-section-id=\"68o34j\" data-start=\"2268\" data-end=\"2361\"><strong data-start=\"2270\" data-end=\"2289\">Compatibilit\u00e9 :<\/strong>\n<ul data-start=\"2294\" data-end=\"2361\">\n<li data-section-id=\"nsm5ns\" data-start=\"2294\" data-end=\"2311\">PC port USB-C<\/li>\n<li data-section-id=\"castou\" data-start=\"2314\" data-end=\"2325\">MacBook<\/li>\n<li data-section-id=\"w0u85y\" data-start=\"2328\" data-end=\"2361\">Smartphones compatibles vid\u00e9o<\/li>\n<\/ul>\n<\/li>\n<li data-section-id=\"1y80sd3\" data-start=\"2362\" data-end=\"2421\"><strong data-start=\"2364\" data-end=\"2381\">Utilisation :<\/strong> \u00c9cran externe \/ moniteur \/ projecteur<\/li>\n<\/ul>\n","protected":false},"excerpt":{"rendered":"<p>Profitez d\u2019une qualit\u00e9 d\u2019image exceptionnelle avec le c\u00e2ble Baseus USB-C vers DisplayPort 8K 60Hz. Id\u00e9al pour connecter votre PC ou smartphone \u00e0 un \u00e9cran haute r\u00e9solution. Transmission fluide, stable et sans perte.<br data-start=\"494\" data-end=\"497\" \/>\ud83d\udccd Disponible \u00e0 Abidjan avec livraison rapide.<\/p>\n","protected":false},"featured_media":9853,"comment_status":"open","ping_status":"closed","template":"","meta":[],"product_cat":[74],"product_tag":[],"class_list":{"0":"post-9596","1":"product","2":"type-product","3":"status-publish","4":"has-post-thumbnail","6":"product_cat-cables","8":"first","9":"instock","10":"shipping-taxable","11":"purchasable","12":"product-type-simple"},"jetpack_sharing_enabled":true,"_links":{"self":[{"href":"https:\/\/baseus.ci\/index.php\/wp-json\/wp\/v2\/product\/9596","targetHints":{"allow":["GET"]}}],"collection":[{"href":"https:\/\/baseus.ci\/index.php\/wp-json\/wp\/v2\/product"}],"about":[{"href":"https:\/\/baseus.ci\/index.php\/wp-json\/wp\/v2\/types\/product"}],"replies":[{"embeddable":true,"href":"https:\/\/baseus.ci\/index.php\/wp-json\/wp\/v2\/comments?post=9596"}],"wp:featuredmedia":[{"embeddable":true,"href":"https:\/\/baseus.ci\/index.php\/wp-json\/wp\/v2\/media\/9853"}],"wp:attachment":[{"href":"https:\/\/baseus.ci\/index.php\/wp-json\/wp\/v2\/media?parent=9596"}],"wp:term":[{"taxonomy":"product_cat","embeddable":true,"href":"https:\/\/baseus.ci\/index.php\/wp-json\/wp\/v2\/product_cat?post=9596"},{"taxonomy":"product_tag","embeddable":true,"href":"https:\/\/baseus.ci\/index.php\/wp-json\/wp\/v2\/product_tag?post=9596"}],"curies":[{"name":"wp","href":"https:\/\/api.w.org\/{rel}","templated":true}]}}