{"id":9595,"date":"2025-09-14T01:18:19","date_gmt":"2025-09-13T23:18:19","guid":{"rendered":"http:\/\/localhost\/baseusci\/?post_type=product&#038;p=9595"},"modified":"2026-04-01T15:44:06","modified_gmt":"2026-04-01T13:44:06","slug":"cable-hdmi-vers-vga-baseus-2m-gris-adaptateur-ecran-hd-pc-projecteur-a-abidjan-cote-divoire","status":"publish","type":"product","link":"https:\/\/baseus.ci\/index.php\/product\/cable-hdmi-vers-vga-baseus-2m-gris-adaptateur-ecran-hd-pc-projecteur-a-abidjan-cote-divoire\/","title":{"rendered":"C\u00e2ble HDMI vers VGA Baseus 2m gris \u2013 Adaptateur \u00e9cran HD PC\/projecteur \u00e0 Abidjan (C\u00f4te d\u2019Ivoire)"},"content":{"rendered":"<h2 data-section-id=\"1leeips\" data-start=\"589\" data-end=\"630\">\ud83d\udda5\ufe0f Connexion HDMI vers VGA simplifi\u00e9e<\/h2>\n<p data-start=\"631\" data-end=\"740\">Le c\u00e2ble Baseus permet de connecter un appareil avec sortie HDMI \u00e0 un \u00e9cran ou projecteur VGA. Parfait pour :<\/p>\n<ul data-start=\"741\" data-end=\"803\">\n<li data-section-id=\"a2buoi\" data-start=\"741\" data-end=\"766\">Ordinateurs portables<\/li>\n<li data-section-id=\"1j4aocb\" data-start=\"767\" data-end=\"773\">PC<\/li>\n<li data-section-id=\"681z58\" data-start=\"774\" data-end=\"786\">Consoles<\/li>\n<li data-section-id=\"1gpswla\" data-start=\"787\" data-end=\"803\">D\u00e9codeurs TV<\/li>\n<\/ul>\n<hr data-start=\"805\" data-end=\"808\" \/>\n<h2 data-section-id=\"ix2q9s\" data-start=\"810\" data-end=\"850\">\ud83d\udcca Id\u00e9al pour pr\u00e9sentations &amp; bureaux<\/h2>\n<p data-start=\"851\" data-end=\"885\">Projetez facilement vos contenus :<\/p>\n<ul data-start=\"886\" data-end=\"952\">\n<li data-section-id=\"1e4iyco\" data-start=\"886\" data-end=\"915\">R\u00e9unions professionnelles<\/li>\n<li data-section-id=\"1kmwa86\" data-start=\"916\" data-end=\"936\">Salles de classe<\/li>\n<li data-section-id=\"icekdl\" data-start=\"937\" data-end=\"952\">Conf\u00e9rences<\/li>\n<\/ul>\n<hr data-start=\"954\" data-end=\"957\" \/>\n<h2 data-section-id=\"1ikyyh7\" data-start=\"959\" data-end=\"993\">\u26a1 Transmission stable et fiable<\/h2>\n<ul data-start=\"994\" data-end=\"1059\">\n<li data-section-id=\"1wf1rc1\" data-start=\"994\" data-end=\"1011\">Signal fluide<\/li>\n<li data-section-id=\"ytold\" data-start=\"1012\" data-end=\"1027\">Image nette<\/li>\n<li data-section-id=\"nxyhk8\" data-start=\"1028\" data-end=\"1059\">R\u00e9duction des interf\u00e9rences<\/li>\n<\/ul>\n<hr data-start=\"1061\" data-end=\"1064\" \/>\n<h2 data-section-id=\"42eami\" data-start=\"1066\" data-end=\"1101\">\ud83d\udccf Longueur confortable 2 m\u00e8tres<\/h2>\n<p data-start=\"1102\" data-end=\"1179\">Offre plus de flexibilit\u00e9 pour vos installations sans contrainte de distance.<\/p>\n<hr data-start=\"1181\" data-end=\"1184\" \/>\n<h2 data-section-id=\"76bjf6\" data-start=\"1186\" data-end=\"1221\">\ud83d\udd12 Conception robuste et durable<\/h2>\n<ul data-start=\"1222\" data-end=\"1305\">\n<li data-section-id=\"1y751b0\" data-start=\"1222\" data-end=\"1247\">Connecteurs renforc\u00e9s<\/li>\n<li data-section-id=\"1jg3aq6\" data-start=\"1248\" data-end=\"1277\">C\u00e2ble r\u00e9sistant \u00e0 l\u2019usure<\/li>\n<li data-section-id=\"6yiduc\" data-start=\"1278\" data-end=\"1305\">Finition premium Baseus<\/li>\n<\/ul>\n<hr data-start=\"1307\" data-end=\"1310\" \/>\n<h2 data-section-id=\"14wuzs6\" data-start=\"1312\" data-end=\"1345\">\ud83c\udfa8 Design \u00e9l\u00e9gant gris moderne<\/h2>\n<p data-start=\"1346\" data-end=\"1411\">Un style sobre et professionnel adapt\u00e9 \u00e0 tous les environnements.<\/p>\n<hr data-start=\"1413\" data-end=\"1416\" \/>\n<h2 data-section-id=\"dfjcl7\" data-start=\"1418\" data-end=\"1454\">\u26a0\ufe0f Fonctionnement unidirectionnel<\/h2>\n<p data-start=\"1455\" data-end=\"1512\">\ud83d\udc49 HDMI \u279d VGA uniquement<br data-start=\"1479\" data-end=\"1482\" \/>(non compatible VGA vers HDMI)<\/p>\n<hr data-start=\"1514\" data-end=\"1517\" \/>\n<h2 data-section-id=\"12wokia\" data-start=\"1519\" data-end=\"1558\">\ud83d\udee1\ufe0f Produit original certifi\u00e9 Baseus<\/h2>\n<p data-start=\"1559\" data-end=\"1631\">\u2714\ufe0f 100% authentique<br data-start=\"1578\" data-end=\"1581\" \/>\u2714\ufe0f Haute qualit\u00e9 garantie<br data-start=\"1606\" data-end=\"1609\" \/>\u2714\ufe0f Test\u00e9 et certifi\u00e9<\/p>\n<p data-start=\"1633\" data-end=\"1690\">\ud83c\udf10 Le site officiel de la marque est : <strong data-start=\"1672\" data-end=\"1690\"><a class=\"decorated-link cursor-pointer\" target=\"_new\" rel=\"noopener\" data-start=\"1674\" data-end=\"1688\">www.baseus.ci<\/a><\/strong><\/p>\n<hr data-start=\"1692\" data-end=\"1695\" \/>\n<h1 data-section-id=\"8fipsp\" data-start=\"1697\" data-end=\"1744\"><span role=\"text\">\u2699\ufe0f <strong data-start=\"1702\" data-end=\"1744\">Caract\u00e9ristiques techniques d\u00e9taill\u00e9es<\/strong><\/span><\/h1>\n<ul data-start=\"1746\" data-end=\"2287\">\n<li data-section-id=\"iin2im\" data-start=\"1746\" data-end=\"1769\"><strong data-start=\"1748\" data-end=\"1760\">Marque :<\/strong> Baseus<\/li>\n<li data-section-id=\"1gu6usq\" data-start=\"1770\" data-end=\"1799\"><strong data-start=\"1772\" data-end=\"1787\">R\u00e9f\u00e9rence :<\/strong> CAKSX-K0G<\/li>\n<li data-section-id=\"1nwe76l\" data-start=\"1800\" data-end=\"1845\"><strong data-start=\"1802\" data-end=\"1812\">Type :<\/strong> C\u00e2ble adaptateur HDMI vers VGA<\/li>\n<li data-section-id=\"1kzz55c\" data-start=\"1846\" data-end=\"1868\"><strong data-start=\"1848\" data-end=\"1862\">Longueur :<\/strong> 2 m<\/li>\n<li data-section-id=\"1y6qdoq\" data-start=\"1869\" data-end=\"1891\"><strong data-start=\"1871\" data-end=\"1884\">Couleur :<\/strong> Gris<\/li>\n<li data-section-id=\"1380v0\" data-start=\"1892\" data-end=\"1920\"><strong data-start=\"1894\" data-end=\"1906\">Entr\u00e9e :<\/strong> HDMI (m\u00e2le)<\/li>\n<li data-section-id=\"1gvyfbn\" data-start=\"1921\" data-end=\"1948\"><strong data-start=\"1923\" data-end=\"1935\">Sortie :<\/strong> VGA (m\u00e2le)<\/li>\n<li data-section-id=\"qzo2xx\" data-start=\"1949\" data-end=\"2002\"><strong data-start=\"1951\" data-end=\"1966\">Direction :<\/strong> Unidirectionnelle (HDMI vers VGA)<\/li>\n<li data-section-id=\"s9qtk4\" data-start=\"2003\" data-end=\"2055\"><strong data-start=\"2005\" data-end=\"2031\">R\u00e9solution support\u00e9e :<\/strong> Jusqu\u2019\u00e0 1080p Full HD<\/li>\n<li data-section-id=\"19gsmsv\" data-start=\"2056\" data-end=\"2111\"><strong data-start=\"2058\" data-end=\"2076\">Transmission :<\/strong> Signal stable sans perte majeure<\/li>\n<li data-section-id=\"cxa6m7\" data-start=\"2112\" data-end=\"2161\"><strong data-start=\"2114\" data-end=\"2129\">Mat\u00e9riaux :<\/strong> PVC + connecteurs m\u00e9talliques<\/li>\n<li data-section-id=\"14su4zf\" data-start=\"2162\" data-end=\"2242\"><strong data-start=\"2164\" data-end=\"2183\">Compatibilit\u00e9 :<\/strong>\n<ul data-start=\"2188\" data-end=\"2242\">\n<li data-section-id=\"uoowei\" data-start=\"2188\" data-end=\"2208\">PC \/ Laptop HDMI<\/li>\n<li data-section-id=\"1gpswla\" data-start=\"2211\" data-end=\"2227\">D\u00e9codeurs TV<\/li>\n<li data-section-id=\"681z58\" data-start=\"2230\" data-end=\"2242\">Consoles<\/li>\n<\/ul>\n<\/li>\n<li data-section-id=\"1zwu3y\" data-start=\"2243\" data-end=\"2287\"><strong data-start=\"2245\" data-end=\"2262\">Utilisation :<\/strong> \u00c9cran VGA \/ projecteur<\/li>\n<\/ul>\n<p>&nbsp;<\/p>\n","protected":false},"excerpt":{"rendered":"<p>Connectez facilement votre appareil HDMI \u00e0 un \u00e9cran VGA avec le c\u00e2ble adaptateur Baseus 2m. Id\u00e9al pour PC, projecteurs et pr\u00e9sentations, il offre une transmission stable et une image claire.<br data-start=\"473\" data-end=\"476\" \/>\ud83d\udccd Disponible \u00e0 Abidjan avec livraison rapide.<\/p>\n","protected":false},"featured_media":9843,"comment_status":"open","ping_status":"closed","template":"","meta":[],"product_cat":[74],"product_tag":[],"class_list":{"0":"post-9595","1":"product","2":"type-product","3":"status-publish","4":"has-post-thumbnail","6":"product_cat-cables","8":"first","9":"instock","10":"shipping-taxable","11":"purchasable","12":"product-type-simple"},"jetpack_sharing_enabled":true,"_links":{"self":[{"href":"https:\/\/baseus.ci\/index.php\/wp-json\/wp\/v2\/product\/9595","targetHints":{"allow":["GET"]}}],"collection":[{"href":"https:\/\/baseus.ci\/index.php\/wp-json\/wp\/v2\/product"}],"about":[{"href":"https:\/\/baseus.ci\/index.php\/wp-json\/wp\/v2\/types\/product"}],"replies":[{"embeddable":true,"href":"https:\/\/baseus.ci\/index.php\/wp-json\/wp\/v2\/comments?post=9595"}],"wp:featuredmedia":[{"embeddable":true,"href":"https:\/\/baseus.ci\/index.php\/wp-json\/wp\/v2\/media\/9843"}],"wp:attachment":[{"href":"https:\/\/baseus.ci\/index.php\/wp-json\/wp\/v2\/media?parent=9595"}],"wp:term":[{"taxonomy":"product_cat","embeddable":true,"href":"https:\/\/baseus.ci\/index.php\/wp-json\/wp\/v2\/product_cat?post=9595"},{"taxonomy":"product_tag","embeddable":true,"href":"https:\/\/baseus.ci\/index.php\/wp-json\/wp\/v2\/product_tag?post=9595"}],"curies":[{"name":"wp","href":"https:\/\/api.w.org\/{rel}","templated":true}]}}