{"id":9580,"date":"2025-09-14T01:17:54","date_gmt":"2025-09-13T23:17:54","guid":{"rendered":"http:\/\/localhost\/baseusci\/?post_type=product&#038;p=9580"},"modified":"2026-04-01T15:45:10","modified_gmt":"2026-04-01T13:45:10","slug":"cable-usb-c-vers-port-l-60w-baseus-2m-blanc-charge-rapide-macbook-a-abidjan-cote-divoire","status":"publish","type":"product","link":"https:\/\/baseus.ci\/index.php\/product\/cable-usb-c-vers-port-l-60w-baseus-2m-blanc-charge-rapide-macbook-a-abidjan-cote-divoire\/","title":{"rendered":"C\u00e2ble USB-C vers port L 60W Baseus 2m blanc \u2013 Charge rapide MacBook \u00e0 Abidjan (C\u00f4te d\u2019Ivoire)"},"content":{"rendered":"<h2 data-section-id=\"zwxux7\" data-start=\"560\" data-end=\"594\">\u26a1 Charge rapide 60W performante<\/h2>\n<p data-start=\"595\" data-end=\"677\">Le c\u00e2ble Baseus permet une recharge rapide et stable jusqu\u2019\u00e0 <strong data-start=\"656\" data-end=\"663\">60W<\/strong>, id\u00e9al pour :<\/p>\n<ul data-start=\"678\" data-end=\"735\">\n<li data-section-id=\"castou\" data-start=\"678\" data-end=\"689\">MacBook<\/li>\n<li data-section-id=\"1d831i0\" data-start=\"690\" data-end=\"721\">Ordinateurs portables USB-C<\/li>\n<li data-section-id=\"1x4w8bk\" data-start=\"722\" data-end=\"735\">Tablettes<\/li>\n<\/ul>\n<hr data-start=\"737\" data-end=\"740\" \/>\n<h2 data-section-id=\"1juo623\" data-start=\"742\" data-end=\"777\">\ud83d\udd0c Connecteur en L (angle droit)<\/h2>\n<p data-start=\"778\" data-end=\"802\">Conception ergonomique :<\/p>\n<ul data-start=\"803\" data-end=\"911\">\n<li data-section-id=\"qud56h\" data-start=\"803\" data-end=\"837\">R\u00e9duit la pression sur le port<\/li>\n<li data-section-id=\"19s4bhk\" data-start=\"838\" data-end=\"865\">\u00c9vite les plis du c\u00e2ble<\/li>\n<li data-section-id=\"1moxiog\" data-start=\"866\" data-end=\"911\">Id\u00e9al pour travailler tout en rechargeant<\/li>\n<\/ul>\n<hr data-start=\"913\" data-end=\"916\" \/>\n<h2 data-section-id=\"42eami\" data-start=\"918\" data-end=\"953\">\ud83d\udccf Longueur confortable 2 m\u00e8tres<\/h2>\n<p data-start=\"954\" data-end=\"994\">Offre une grande libert\u00e9 d\u2019utilisation :<\/p>\n<ul data-start=\"995\" data-end=\"1035\">\n<li data-section-id=\"igqs1o\" data-start=\"995\" data-end=\"1005\">Bureau<\/li>\n<li data-section-id=\"16ras49\" data-start=\"1006\" data-end=\"1013\">Lit<\/li>\n<li data-section-id=\"6qlri5\" data-start=\"1014\" data-end=\"1035\">Espace de travail<\/li>\n<\/ul>\n<hr data-start=\"1037\" data-end=\"1040\" \/>\n<h2 data-section-id=\"papgj3\" data-start=\"1042\" data-end=\"1074\">\ud83d\udcbb Compatible MacBook &amp; USB-C<\/h2>\n<p data-start=\"1075\" data-end=\"1105\">Fonctionne parfaitement avec :<\/p>\n<ul data-start=\"1106\" data-end=\"1163\">\n<li data-section-id=\"castou\" data-start=\"1106\" data-end=\"1117\">MacBook<\/li>\n<li data-section-id=\"nsm5ns\" data-start=\"1118\" data-end=\"1135\">PC port USB-C<\/li>\n<li data-section-id=\"w1c80b\" data-start=\"1136\" data-end=\"1163\">Smartphones compatibles<\/li>\n<\/ul>\n<hr data-start=\"1165\" data-end=\"1168\" \/>\n<h2 data-section-id=\"yi92dk\" data-start=\"1170\" data-end=\"1208\">\ud83d\udd12 Transmission stable et s\u00e9curis\u00e9e<\/h2>\n<ul data-start=\"1209\" data-end=\"1289\">\n<li data-section-id=\"1w05t8a\" data-start=\"1209\" data-end=\"1241\">Protection contre surtension<\/li>\n<li data-section-id=\"1lsqq5b\" data-start=\"1242\" data-end=\"1259\">Charge stable<\/li>\n<li data-section-id=\"a2exwf\" data-start=\"1260\" data-end=\"1289\">Protection de la batterie<\/li>\n<\/ul>\n<hr data-start=\"1291\" data-end=\"1294\" \/>\n<h2 data-section-id=\"gq0ene\" data-start=\"1296\" data-end=\"1331\">\ud83d\udcaa Conception robuste et durable<\/h2>\n<ul data-start=\"1332\" data-end=\"1398\">\n<li data-section-id=\"qjaqx6\" data-start=\"1332\" data-end=\"1350\">C\u00e2ble renforc\u00e9<\/li>\n<li data-section-id=\"1d7jbes\" data-start=\"1351\" data-end=\"1374\">R\u00e9sistant \u00e0 l\u2019usure<\/li>\n<li data-section-id=\"12p24ee\" data-start=\"1375\" data-end=\"1398\">Longue dur\u00e9e de vie<\/li>\n<\/ul>\n<hr data-start=\"1400\" data-end=\"1403\" \/>\n<h2 data-section-id=\"mabe41\" data-start=\"1405\" data-end=\"1431\">\ud83c\udfa8 Design blanc \u00e9l\u00e9gant<\/h2>\n<p data-start=\"1432\" data-end=\"1499\">Parfaitement adapt\u00e9 \u00e0 l\u2019esth\u00e9tique des appareils Apple et modernes.<\/p>\n<hr data-start=\"1501\" data-end=\"1504\" \/>\n<h2 data-section-id=\"12wokia\" data-start=\"1506\" data-end=\"1545\">\ud83d\udee1\ufe0f Produit original certifi\u00e9 Baseus<\/h2>\n<p data-start=\"1546\" data-end=\"1622\">\u2714\ufe0f 100% authentique<br data-start=\"1565\" data-end=\"1568\" \/>\u2714\ufe0f Haute qualit\u00e9 garantie<br data-start=\"1593\" data-end=\"1596\" \/>\u2714\ufe0f Performance certifi\u00e9e<\/p>\n<p data-start=\"1624\" data-end=\"1681\">\ud83c\udf10 Le site officiel de la marque est : <strong data-start=\"1663\" data-end=\"1681\"><a class=\"decorated-link cursor-pointer\" target=\"_new\" rel=\"noopener\" data-start=\"1665\" data-end=\"1679\">www.baseus.com<\/a><\/strong><\/p>\n<hr data-start=\"1683\" data-end=\"1686\" \/>\n<h1 data-section-id=\"8fipsp\" data-start=\"1688\" data-end=\"1735\"><span role=\"text\">\u2699\ufe0f <strong data-start=\"1693\" data-end=\"1735\">Caract\u00e9ristiques techniques d\u00e9taill\u00e9es<\/strong><\/span><\/h1>\n<ul data-start=\"1737\" data-end=\"2208\">\n<li data-section-id=\"iin2im\" data-start=\"1737\" data-end=\"1760\"><strong data-start=\"1739\" data-end=\"1751\">Marque :<\/strong> Baseus<\/li>\n<li data-section-id=\"d1ikmk\" data-start=\"1761\" data-end=\"1790\"><strong data-start=\"1763\" data-end=\"1778\">R\u00e9f\u00e9rence :<\/strong> CATXC-W02<\/li>\n<li data-section-id=\"1wcm07d\" data-start=\"1791\" data-end=\"1843\"><strong data-start=\"1793\" data-end=\"1803\">Type :<\/strong> C\u00e2ble USB-C vers port L (angle droit)<\/li>\n<li data-section-id=\"c7hz3n\" data-start=\"1844\" data-end=\"1873\"><strong data-start=\"1846\" data-end=\"1861\">Puissance :<\/strong> 60W (max)<\/li>\n<li data-section-id=\"1kzz55c\" data-start=\"1874\" data-end=\"1896\"><strong data-start=\"1876\" data-end=\"1890\">Longueur :<\/strong> 2 m<\/li>\n<li data-section-id=\"xekvpj\" data-start=\"1897\" data-end=\"1920\"><strong data-start=\"1899\" data-end=\"1912\">Couleur :<\/strong> Blanc<\/li>\n<li data-section-id=\"y6v6yk\" data-start=\"1921\" data-end=\"1952\"><strong data-start=\"1923\" data-end=\"1939\">Connecteur :<\/strong> USB Type-C<\/li>\n<li data-section-id=\"yd0486\" data-start=\"1953\" data-end=\"2000\"><strong data-start=\"1955\" data-end=\"1969\">Fonction :<\/strong> Charge rapide + transmission<\/li>\n<li data-section-id=\"1tldy2f\" data-start=\"2001\" data-end=\"2042\"><strong data-start=\"2003\" data-end=\"2020\">Technologie :<\/strong> Power Delivery (PD)<\/li>\n<li data-section-id=\"rgo86i\" data-start=\"2043\" data-end=\"2090\"><strong data-start=\"2045\" data-end=\"2060\">Mat\u00e9riaux :<\/strong> TPE + connecteurs renforc\u00e9s<\/li>\n<li data-section-id=\"95ll54\" data-start=\"2091\" data-end=\"2167\"><strong data-start=\"2093\" data-end=\"2112\">Compatibilit\u00e9 :<\/strong>\n<ul data-start=\"2117\" data-end=\"2167\">\n<li data-section-id=\"castou\" data-start=\"2117\" data-end=\"2128\">MacBook<\/li>\n<li data-section-id=\"12xm9bl\" data-start=\"2131\" data-end=\"2143\">PC USB-C<\/li>\n<li data-section-id=\"1v6v6tw\" data-start=\"2146\" data-end=\"2167\">Smartphones USB-C<\/li>\n<\/ul>\n<\/li>\n<li data-section-id=\"1y9guyl\" data-start=\"2168\" data-end=\"2208\"><strong data-start=\"2170\" data-end=\"2187\">Utilisation :<\/strong> Recharge appareils<\/li>\n<\/ul>\n<p>&nbsp;<\/p>\n","protected":false},"excerpt":{"rendered":"<p data-start=\"280\" data-end=\"493\">Rechargez efficacement votre MacBook avec le c\u00e2ble Baseus USB-C vers port L 60W. Conception coud\u00e9e pratique, charge rapide et c\u00e2ble long 2m pour un confort optimal.<br data-start=\"444\" data-end=\"447\" \/>\ud83d\udccd Disponible \u00e0 Abidjan avec livraison rapide.<\/p>\n<h1 data-section-id=\"43umeh\" data-start=\"500\" data-end=\"558\"><\/h1>\n","protected":false},"featured_media":9834,"comment_status":"open","ping_status":"closed","template":"","meta":[],"product_cat":[74],"product_tag":[],"class_list":{"0":"post-9580","1":"product","2":"type-product","3":"status-publish","4":"has-post-thumbnail","6":"product_cat-cables","8":"first","9":"instock","10":"shipping-taxable","11":"purchasable","12":"product-type-simple"},"jetpack_sharing_enabled":true,"_links":{"self":[{"href":"https:\/\/baseus.ci\/index.php\/wp-json\/wp\/v2\/product\/9580","targetHints":{"allow":["GET"]}}],"collection":[{"href":"https:\/\/baseus.ci\/index.php\/wp-json\/wp\/v2\/product"}],"about":[{"href":"https:\/\/baseus.ci\/index.php\/wp-json\/wp\/v2\/types\/product"}],"replies":[{"embeddable":true,"href":"https:\/\/baseus.ci\/index.php\/wp-json\/wp\/v2\/comments?post=9580"}],"wp:featuredmedia":[{"embeddable":true,"href":"https:\/\/baseus.ci\/index.php\/wp-json\/wp\/v2\/media\/9834"}],"wp:attachment":[{"href":"https:\/\/baseus.ci\/index.php\/wp-json\/wp\/v2\/media?parent=9580"}],"wp:term":[{"taxonomy":"product_cat","embeddable":true,"href":"https:\/\/baseus.ci\/index.php\/wp-json\/wp\/v2\/product_cat?post=9580"},{"taxonomy":"product_tag","embeddable":true,"href":"https:\/\/baseus.ci\/index.php\/wp-json\/wp\/v2\/product_tag?post=9580"}],"curies":[{"name":"wp","href":"https:\/\/api.w.org\/{rel}","templated":true}]}}