{"id":9542,"date":"2025-09-14T01:17:00","date_gmt":"2025-09-13T23:17:00","guid":{"rendered":"http:\/\/localhost\/baseusci\/?post_type=product&#038;p=9542"},"modified":"2026-04-01T15:54:22","modified_gmt":"2026-04-01T13:54:22","slug":"cable-usb-c-baseus-avec-wattmetre-100w-1m-noir-affichage-puissance-charge-a-abidjan-cote-divoire","status":"publish","type":"product","link":"https:\/\/baseus.ci\/index.php\/product\/cable-usb-c-baseus-avec-wattmetre-100w-1m-noir-affichage-puissance-charge-a-abidjan-cote-divoire\/","title":{"rendered":"C\u00e2ble USB-C Baseus avec wattm\u00e8tre 100W 1m noir \u2013 Affichage puissance charge \u00e0 Abidjan (C\u00f4te d\u2019Ivoire)"},"content":{"rendered":"<h2 data-section-id=\"1p59osi\" data-start=\"594\" data-end=\"625\">\u26a1 Charge rapide jusqu\u2019\u00e0 100W<\/h2>\n<p data-start=\"626\" data-end=\"680\">Profitez d\u2019une recharge ultra rapide compatible avec :<\/p>\n<ul data-start=\"681\" data-end=\"736\">\n<li data-section-id=\"1afb5zy\" data-start=\"681\" data-end=\"696\">Smartphones<\/li>\n<li data-section-id=\"1x4w8bk\" data-start=\"697\" data-end=\"710\">Tablettes<\/li>\n<li data-section-id=\"a2buoi\" data-start=\"711\" data-end=\"736\">Ordinateurs portables<\/li>\n<\/ul>\n<hr data-start=\"738\" data-end=\"741\" \/>\n<h2 data-section-id=\"1luh27s\" data-start=\"743\" data-end=\"785\">\ud83d\udcca \u00c9cran digital avec wattm\u00e8tre int\u00e9gr\u00e9<\/h2>\n<p data-start=\"786\" data-end=\"812\">Visualisez en temps r\u00e9el :<\/p>\n<ul data-start=\"813\" data-end=\"870\">\n<li data-section-id=\"1ebznyl\" data-start=\"813\" data-end=\"843\">La puissance de charge (W)<\/li>\n<li data-section-id=\"8rpkv7\" data-start=\"844\" data-end=\"870\">L\u2019intensit\u00e9 du courant<\/li>\n<\/ul>\n<p data-start=\"872\" data-end=\"924\">\ud83d\udc49 Id\u00e9al pour contr\u00f4ler et optimiser votre recharge.<\/p>\n<hr data-start=\"926\" data-end=\"929\" \/>\n<h2 data-section-id=\"3dvx4f\" data-start=\"931\" data-end=\"963\">\ud83d\udd0c USB-C vers USB-C universel<\/h2>\n<p data-start=\"964\" data-end=\"1006\">Compatible avec tous les appareils USB-C :<\/p>\n<ul data-start=\"1007\" data-end=\"1063\">\n<li data-section-id=\"1oj64sz\" data-start=\"1007\" data-end=\"1018\">Android<\/li>\n<li data-section-id=\"castou\" data-start=\"1019\" data-end=\"1030\">MacBook<\/li>\n<li data-section-id=\"17ldet7\" data-start=\"1031\" data-end=\"1047\">PC portables<\/li>\n<li data-section-id=\"ias5b6\" data-start=\"1048\" data-end=\"1063\">Power banks<\/li>\n<\/ul>\n<hr data-start=\"1065\" data-end=\"1068\" \/>\n<h2 data-section-id=\"kv46pv\" data-start=\"1070\" data-end=\"1107\">\ud83d\ude80 Transmission rapide des donn\u00e9es<\/h2>\n<p data-start=\"1108\" data-end=\"1197\">En plus de la charge, ce c\u00e2ble permet le transfert de donn\u00e9es rapide entre vos appareils.<\/p>\n<hr data-start=\"1199\" data-end=\"1202\" \/>\n<h2 data-section-id=\"gq0ene\" data-start=\"1204\" data-end=\"1239\">\ud83d\udcaa Conception robuste et durable<\/h2>\n<ul data-start=\"1240\" data-end=\"1306\">\n<li data-section-id=\"qjaqx6\" data-start=\"1240\" data-end=\"1258\">C\u00e2ble renforc\u00e9<\/li>\n<li data-section-id=\"1d7jbes\" data-start=\"1259\" data-end=\"1282\">R\u00e9sistant \u00e0 l\u2019usure<\/li>\n<li data-section-id=\"1nrl7qk\" data-start=\"1283\" data-end=\"1306\">Connecteurs solides<\/li>\n<\/ul>\n<hr data-start=\"1308\" data-end=\"1311\" \/>\n<h2 data-section-id=\"718fgi\" data-start=\"1313\" data-end=\"1344\">\ud83d\udccf Longueur pratique 1 m\u00e8tre<\/h2>\n<p data-start=\"1345\" data-end=\"1402\">Id\u00e9al pour une utilisation quotidienne sans encombrement.<\/p>\n<hr data-start=\"1404\" data-end=\"1407\" \/>\n<h2 data-section-id=\"17kswxx\" data-start=\"1409\" data-end=\"1448\">\ud83c\udfa8 Design moderne avec affichage LED<\/h2>\n<p data-start=\"1449\" data-end=\"1511\">Look technologique avec \u00e9cran visible pour un contr\u00f4le pr\u00e9cis.<\/p>\n<hr data-start=\"1513\" data-end=\"1516\" \/>\n<h2 data-section-id=\"12wokia\" data-start=\"1518\" data-end=\"1557\">\ud83d\udee1\ufe0f Produit original certifi\u00e9 Baseus<\/h2>\n<p data-start=\"1558\" data-end=\"1638\">\u2714\ufe0f 100% authentique<br data-start=\"1577\" data-end=\"1580\" \/>\u2714\ufe0f Haute qualit\u00e9 garantie<br data-start=\"1605\" data-end=\"1608\" \/>\u2714\ufe0f Produit test\u00e9 et certifi\u00e9<\/p>\n<p data-start=\"1640\" data-end=\"1697\">\ud83c\udf10 Le site officiel de la marque est : <strong data-start=\"1679\" data-end=\"1697\"><a class=\"decorated-link cursor-pointer\" target=\"_new\" rel=\"noopener\" data-start=\"1681\" data-end=\"1695\">www.baseus.ci<\/a><\/strong><\/p>\n<hr data-start=\"1699\" data-end=\"1702\" \/>\n<h1 data-section-id=\"8fipsp\" data-start=\"1704\" data-end=\"1751\"><span role=\"text\">\u2699\ufe0f <strong data-start=\"1709\" data-end=\"1751\">Caract\u00e9ristiques techniques d\u00e9taill\u00e9es<\/strong><\/span><\/h1>\n<ul data-start=\"1753\" data-end=\"2282\">\n<li data-section-id=\"iin2im\" data-start=\"1753\" data-end=\"1776\"><strong data-start=\"1755\" data-end=\"1767\">Marque :<\/strong> Baseus<\/li>\n<li data-section-id=\"191xwns\" data-start=\"1777\" data-end=\"1806\"><strong data-start=\"1779\" data-end=\"1794\">R\u00e9f\u00e9rence :<\/strong> CATSK-C01<\/li>\n<li data-section-id=\"jbme4z\" data-start=\"1807\" data-end=\"1859\"><strong data-start=\"1809\" data-end=\"1819\">Type :<\/strong> C\u00e2ble USB-C vers USB-C avec wattm\u00e8tre<\/li>\n<li data-section-id=\"1au3zop\" data-start=\"1860\" data-end=\"1893\"><strong data-start=\"1862\" data-end=\"1886\">Puissance maximale :<\/strong> 100W<\/li>\n<li data-section-id=\"1l21uxf\" data-start=\"1894\" data-end=\"1916\"><strong data-start=\"1896\" data-end=\"1910\">Longueur :<\/strong> 1 m<\/li>\n<li data-section-id=\"3cnlmn\" data-start=\"1917\" data-end=\"1939\"><strong data-start=\"1919\" data-end=\"1932\">Couleur :<\/strong> Noir<\/li>\n<li data-section-id=\"sq0zd6\" data-start=\"1940\" data-end=\"1995\"><strong data-start=\"1942\" data-end=\"1957\">Affichage :<\/strong> \u00c9cran LED (puissance en temps r\u00e9el)<\/li>\n<li data-section-id=\"1tldy2f\" data-start=\"1996\" data-end=\"2037\"><strong data-start=\"1998\" data-end=\"2015\">Technologie :<\/strong> Power Delivery (PD)<\/li>\n<li data-section-id=\"146vtgx\" data-start=\"2038\" data-end=\"2086\"><strong data-start=\"2040\" data-end=\"2054\">Fonction :<\/strong> Charge + transfert de donn\u00e9es<\/li>\n<li data-section-id=\"2ypa6x\" data-start=\"2087\" data-end=\"2155\"><strong data-start=\"2089\" data-end=\"2104\">Mat\u00e9riaux :<\/strong> TPE renforc\u00e9 + composants \u00e9lectroniques int\u00e9gr\u00e9s<\/li>\n<li data-section-id=\"d17rak\" data-start=\"2156\" data-end=\"2238\"><strong data-start=\"2158\" data-end=\"2177\">Compatibilit\u00e9 :<\/strong>\n<ul data-start=\"2182\" data-end=\"2238\">\n<li data-section-id=\"1v6v6tw\" data-start=\"2182\" data-end=\"2203\">Smartphones USB-C<\/li>\n<li data-section-id=\"17ldet7\" data-start=\"2206\" data-end=\"2222\">PC portables<\/li>\n<li data-section-id=\"1x4w8bk\" data-start=\"2225\" data-end=\"2238\">Tablettes<\/li>\n<\/ul>\n<\/li>\n<li data-section-id=\"5io6pq\" data-start=\"2239\" data-end=\"2282\"><strong data-start=\"2241\" data-end=\"2258\">Utilisation :<\/strong> Recharge intelligente<\/li>\n<\/ul>\n<p>&nbsp;<\/p>\n","protected":false},"excerpt":{"rendered":"<p>Contr\u00f4lez la puissance de charge en temps r\u00e9el avec le c\u00e2ble Baseus USB-C avec wattm\u00e8tre int\u00e9gr\u00e9. Charge rapide jusqu\u2019\u00e0 100W, affichage digital et performance fiable pour tous vos appareils.<br data-start=\"478\" data-end=\"481\" \/>\ud83d\udccd Disponible \u00e0 Abidjan avec livraison rapide.<\/p>\n","protected":false},"featured_media":9801,"comment_status":"open","ping_status":"closed","template":"","meta":[],"product_cat":[74],"product_tag":[],"class_list":{"0":"post-9542","1":"product","2":"type-product","3":"status-publish","4":"has-post-thumbnail","6":"product_cat-cables","8":"first","9":"instock","10":"shipping-taxable","11":"purchasable","12":"product-type-simple"},"jetpack_sharing_enabled":true,"_links":{"self":[{"href":"https:\/\/baseus.ci\/index.php\/wp-json\/wp\/v2\/product\/9542","targetHints":{"allow":["GET"]}}],"collection":[{"href":"https:\/\/baseus.ci\/index.php\/wp-json\/wp\/v2\/product"}],"about":[{"href":"https:\/\/baseus.ci\/index.php\/wp-json\/wp\/v2\/types\/product"}],"replies":[{"embeddable":true,"href":"https:\/\/baseus.ci\/index.php\/wp-json\/wp\/v2\/comments?post=9542"}],"wp:featuredmedia":[{"embeddable":true,"href":"https:\/\/baseus.ci\/index.php\/wp-json\/wp\/v2\/media\/9801"}],"wp:attachment":[{"href":"https:\/\/baseus.ci\/index.php\/wp-json\/wp\/v2\/media?parent=9542"}],"wp:term":[{"taxonomy":"product_cat","embeddable":true,"href":"https:\/\/baseus.ci\/index.php\/wp-json\/wp\/v2\/product_cat?post=9542"},{"taxonomy":"product_tag","embeddable":true,"href":"https:\/\/baseus.ci\/index.php\/wp-json\/wp\/v2\/product_tag?post=9542"}],"curies":[{"name":"wp","href":"https:\/\/api.w.org\/{rel}","templated":true}]}}