{"id":9513,"date":"2025-09-14T01:16:20","date_gmt":"2025-09-13T23:16:20","guid":{"rendered":"http:\/\/localhost\/baseusci\/?post_type=product&#038;p=9513"},"modified":"2026-04-01T16:17:34","modified_gmt":"2026-04-01T14:17:34","slug":"cable-baseus-3in2-uc-vers-mlc-100w-1-2m-gris-ca2t3-g1","status":"publish","type":"product","link":"https:\/\/baseus.ci\/index.php\/product\/cable-baseus-3in2-uc-vers-mlc-100w-1-2m-gris-ca2t3-g1\/","title":{"rendered":"C\u00e2ble Baseus 3 en 2 USB-C + USB vers M+L+C 100W 1.2m gris \u2013 Charge rapide multi-appareils \u00e0 Abidjan (C\u00f4te d\u2019Ivoire)"},"content":{"rendered":"<h2 data-section-id=\"57i5ee\" data-start=\"590\" data-end=\"641\">\ud83d\udd04 C\u00e2ble multi-connecteurs 3 en 2 ultra pratique<\/h2>\n<p data-start=\"642\" data-end=\"672\">Ce c\u00e2ble intelligent combine :<\/p>\n<ul data-start=\"673\" data-end=\"762\">\n<li data-section-id=\"f2cerk\" data-start=\"673\" data-end=\"697\">Entr\u00e9e USB-A + USB-C<\/li>\n<li data-section-id=\"o8siw0\" data-start=\"698\" data-end=\"762\">Sorties :\n<ul data-start=\"712\" data-end=\"762\">\n<li data-section-id=\"lnql36\" data-start=\"712\" data-end=\"721\">USB-C<\/li>\n<li data-section-id=\"1tczpo\" data-start=\"724\" data-end=\"746\">Lightning (iPhone)<\/li>\n<li data-section-id=\"131kpsm\" data-start=\"749\" data-end=\"762\">Micro USB<\/li>\n<\/ul>\n<\/li>\n<\/ul>\n<p data-start=\"764\" data-end=\"810\">\ud83d\udc49 Compatible avec presque tous les appareils.<\/p>\n<hr data-start=\"812\" data-end=\"815\" \/>\n<h2 data-section-id=\"1p59osi\" data-start=\"817\" data-end=\"848\">\u26a1 Charge rapide jusqu\u2019\u00e0 100W<\/h2>\n<p data-start=\"849\" data-end=\"880\">Recharge haute puissance pour :<\/p>\n<ul data-start=\"881\" data-end=\"936\">\n<li data-section-id=\"1afb5zy\" data-start=\"881\" data-end=\"896\">Smartphones<\/li>\n<li data-section-id=\"1x4w8bk\" data-start=\"897\" data-end=\"910\">Tablettes<\/li>\n<li data-section-id=\"a2buoi\" data-start=\"911\" data-end=\"936\">Ordinateurs portables<\/li>\n<\/ul>\n<hr data-start=\"938\" data-end=\"941\" \/>\n<h2 data-section-id=\"1bxb4xa\" data-start=\"943\" data-end=\"987\">\ud83d\udd0c Double entr\u00e9e pour plus de flexibilit\u00e9<\/h2>\n<ul data-start=\"988\" data-end=\"1063\">\n<li data-section-id=\"xjgl5d\" data-start=\"988\" data-end=\"1025\">Compatible chargeur USB classique<\/li>\n<li data-section-id=\"jpilb7\" data-start=\"1026\" data-end=\"1063\">Compatible chargeur USB-C moderne<\/li>\n<\/ul>\n<hr data-start=\"1065\" data-end=\"1068\" \/>\n<h2 data-section-id=\"1ya5alx\" data-start=\"1070\" data-end=\"1099\">\ud83c\udfaf Utilisation universelle<\/h2>\n<p data-start=\"1100\" data-end=\"1114\">Parfait pour :<\/p>\n<ul data-start=\"1115\" data-end=\"1160\">\n<li data-section-id=\"1oj64sz\" data-start=\"1115\" data-end=\"1126\">Android<\/li>\n<li data-section-id=\"1fauvp9\" data-start=\"1127\" data-end=\"1137\">iPhone<\/li>\n<li data-section-id=\"1bj7o6p\" data-start=\"1138\" data-end=\"1160\">PC portables USB-C<\/li>\n<\/ul>\n<hr data-start=\"1162\" data-end=\"1165\" \/>\n<h2 data-section-id=\"12rq8fa\" data-start=\"1167\" data-end=\"1194\">\ud83d\udccf Longueur id\u00e9ale 1.2 m<\/h2>\n<p data-start=\"1195\" data-end=\"1244\">Offre un bon \u00e9quilibre entre confort et mobilit\u00e9.<\/p>\n<hr data-start=\"1246\" data-end=\"1249\" \/>\n<h2 data-section-id=\"gq0ene\" data-start=\"1251\" data-end=\"1286\">\ud83d\udcaa Conception robuste et durable<\/h2>\n<ul data-start=\"1287\" data-end=\"1353\">\n<li data-section-id=\"qjaqx6\" data-start=\"1287\" data-end=\"1305\">C\u00e2ble renforc\u00e9<\/li>\n<li data-section-id=\"1d7jbes\" data-start=\"1306\" data-end=\"1329\">R\u00e9sistant \u00e0 l\u2019usure<\/li>\n<li data-section-id=\"1nrl7qk\" data-start=\"1330\" data-end=\"1353\">Connecteurs solides<\/li>\n<\/ul>\n<hr data-start=\"1355\" data-end=\"1358\" \/>\n<h2 data-section-id=\"8g3k47\" data-start=\"1360\" data-end=\"1385\">\ud83c\udfa8 Design gris premium<\/h2>\n<p data-start=\"1386\" data-end=\"1450\">Finition \u00e9l\u00e9gante adapt\u00e9e \u00e0 un usage professionnel ou personnel.<\/p>\n<hr data-start=\"1452\" data-end=\"1455\" \/>\n<h2 data-section-id=\"12wokia\" data-start=\"1457\" data-end=\"1496\">\ud83d\udee1\ufe0f Produit original certifi\u00e9 Baseus<\/h2>\n<p data-start=\"1497\" data-end=\"1562\">\u2714\ufe0f 100% authentique<br data-start=\"1516\" data-end=\"1519\" \/>\u2714\ufe0f Produit garanti<br data-start=\"1537\" data-end=\"1540\" \/>\u2714\ufe0f Qualit\u00e9 certifi\u00e9e<\/p>\n<p data-start=\"1564\" data-end=\"1621\">\ud83c\udf10 Le site officiel de la marque est : <strong data-start=\"1603\" data-end=\"1621\"><a class=\"decorated-link cursor-pointer\" target=\"_new\" rel=\"noopener\" data-start=\"1605\" data-end=\"1619\">www.baseus.com<\/a><\/strong><\/p>\n<hr data-start=\"1623\" data-end=\"1626\" \/>\n<h1 data-section-id=\"8fipsp\" data-start=\"1628\" data-end=\"1675\"><span role=\"text\">\u2699\ufe0f <strong data-start=\"1633\" data-end=\"1675\">Caract\u00e9ristiques techniques d\u00e9taill\u00e9es<\/strong><\/span><\/h1>\n<ul data-start=\"1677\" data-end=\"2198\">\n<li data-section-id=\"iin2im\" data-start=\"1677\" data-end=\"1700\"><strong data-start=\"1679\" data-end=\"1691\">Marque :<\/strong> Baseus<\/li>\n<li data-section-id=\"1fup49h\" data-start=\"1701\" data-end=\"1729\"><strong data-start=\"1703\" data-end=\"1718\">R\u00e9f\u00e9rence :<\/strong> CA2T3-G1<\/li>\n<li data-section-id=\"j66nr7\" data-start=\"1730\" data-end=\"1763\"><strong data-start=\"1732\" data-end=\"1742\">Type :<\/strong> C\u00e2ble multi 3 en 2<\/li>\n<li data-section-id=\"1iliwsp\" data-start=\"1764\" data-end=\"1795\"><strong data-start=\"1766\" data-end=\"1779\">Entr\u00e9es :<\/strong> USB-A + USB-C<\/li>\n<li data-section-id=\"vw8f4k\" data-start=\"1796\" data-end=\"1857\"><strong data-start=\"1798\" data-end=\"1811\">Sorties :<\/strong>\n<ul data-start=\"1816\" data-end=\"1857\">\n<li data-section-id=\"lnql36\" data-start=\"1816\" data-end=\"1825\">USB-C<\/li>\n<li data-section-id=\"omhmfs\" data-start=\"1828\" data-end=\"1841\">Lightning<\/li>\n<li data-section-id=\"131kpsm\" data-start=\"1844\" data-end=\"1857\">Micro USB<\/li>\n<\/ul>\n<\/li>\n<li data-section-id=\"1au3zop\" data-start=\"1858\" data-end=\"1891\"><strong data-start=\"1860\" data-end=\"1884\">Puissance maximale :<\/strong> 100W<\/li>\n<li data-section-id=\"17pmdcf\" data-start=\"1892\" data-end=\"1916\"><strong data-start=\"1894\" data-end=\"1908\">Longueur :<\/strong> 1.2 m<\/li>\n<li data-section-id=\"1y6qdoq\" data-start=\"1917\" data-end=\"1939\"><strong data-start=\"1919\" data-end=\"1932\">Couleur :<\/strong> Gris<\/li>\n<li data-section-id=\"1tldy2f\" data-start=\"1940\" data-end=\"1981\"><strong data-start=\"1942\" data-end=\"1959\">Technologie :<\/strong> Power Delivery (PD)<\/li>\n<li data-section-id=\"1k6dql1\" data-start=\"1982\" data-end=\"2023\"><strong data-start=\"1984\" data-end=\"1998\">Fonction :<\/strong> Charge multi-appareils<\/li>\n<li data-section-id=\"36r3f6\" data-start=\"2024\" data-end=\"2078\"><strong data-start=\"2026\" data-end=\"2041\">Mat\u00e9riaux :<\/strong> TPE renforc\u00e9 + connecteurs solides<\/li>\n<li data-section-id=\"p3jn7q\" data-start=\"2079\" data-end=\"2155\"><strong data-start=\"2081\" data-end=\"2100\">Compatibilit\u00e9 :<\/strong>\n<ul data-start=\"2105\" data-end=\"2155\">\n<li data-section-id=\"1afb5zy\" data-start=\"2105\" data-end=\"2120\">Smartphones<\/li>\n<li data-section-id=\"1x4w8bk\" data-start=\"2123\" data-end=\"2136\">Tablettes<\/li>\n<li data-section-id=\"17ldet7\" data-start=\"2139\" data-end=\"2155\">PC portables<\/li>\n<\/ul>\n<\/li>\n<li data-section-id=\"794998\" data-start=\"2156\" data-end=\"2198\"><strong data-start=\"2158\" data-end=\"2175\">Utilisation :<\/strong> Recharge universelle<\/li>\n<\/ul>\n<p>&nbsp;<\/p>\n","protected":false},"excerpt":{"rendered":"<p>Un seul c\u00e2ble pour tous vos appareils ! Le c\u00e2ble Baseus 3 en 2 (USB + USB-C vers Micro USB, Lightning et USB-C) offre une charge rapide 100W avec compatibilit\u00e9 universelle.<br data-start=\"474\" data-end=\"477\" \/>\ud83d\udccd Disponible \u00e0 Abidjan avec livraison rapide.<\/p>\n","protected":false},"featured_media":11058,"comment_status":"open","ping_status":"closed","template":"","meta":[],"product_cat":[74,84],"product_tag":[],"class_list":{"0":"post-9513","1":"product","2":"type-product","3":"status-publish","4":"has-post-thumbnail","6":"product_cat-cables","7":"product_cat-home4","9":"first","10":"instock","11":"sale","12":"shipping-taxable","13":"purchasable","14":"product-type-simple"},"jetpack_sharing_enabled":true,"_links":{"self":[{"href":"https:\/\/baseus.ci\/index.php\/wp-json\/wp\/v2\/product\/9513","targetHints":{"allow":["GET"]}}],"collection":[{"href":"https:\/\/baseus.ci\/index.php\/wp-json\/wp\/v2\/product"}],"about":[{"href":"https:\/\/baseus.ci\/index.php\/wp-json\/wp\/v2\/types\/product"}],"replies":[{"embeddable":true,"href":"https:\/\/baseus.ci\/index.php\/wp-json\/wp\/v2\/comments?post=9513"}],"wp:featuredmedia":[{"embeddable":true,"href":"https:\/\/baseus.ci\/index.php\/wp-json\/wp\/v2\/media\/11058"}],"wp:attachment":[{"href":"https:\/\/baseus.ci\/index.php\/wp-json\/wp\/v2\/media?parent=9513"}],"wp:term":[{"taxonomy":"product_cat","embeddable":true,"href":"https:\/\/baseus.ci\/index.php\/wp-json\/wp\/v2\/product_cat?post=9513"},{"taxonomy":"product_tag","embeddable":true,"href":"https:\/\/baseus.ci\/index.php\/wp-json\/wp\/v2\/product_tag?post=9513"}],"curies":[{"name":"wp","href":"https:\/\/api.w.org\/{rel}","templated":true}]}}