{"id":11660,"date":"2026-04-27T17:13:09","date_gmt":"2026-04-27T15:13:09","guid":{"rendered":"https:\/\/baseus.ci\/?post_type=product&#038;p=11660"},"modified":"2026-04-27T17:13:09","modified_gmt":"2026-04-27T15:13:09","slug":"antichoc-baseus-film-de-protection-en-verre-trempe-baseus-pour-apple-iphone-13-pro-61-pouces","status":"publish","type":"product","link":"https:\/\/baseus.ci\/index.php\/product\/antichoc-baseus-film-de-protection-en-verre-trempe-baseus-pour-apple-iphone-13-pro-61-pouces\/","title":{"rendered":"Antichoc Baseus Film de Protection en Verre Tremp\u00e9 Baseus pour Apple iPhone 13 Pro (6,1 pouces)"},"content":{"rendered":"<h3 data-section-id=\"1gmz609\" data-start=\"434\" data-end=\"456\">\u00a0Description SEO<\/h3>\n<p data-start=\"458\" data-end=\"644\">Le\u00a0<strong data-start=\"461\" data-end=\"556\">film de protection en verre tremp\u00e9\u00a0<span class=\"hover:entity-accent entity-underline inline cursor-pointer align-baseline\"><span class=\"whitespace-normal\">Baseus<\/span><\/span>\u00a0pour iPhone 13 Pro<\/strong>\u00a0prot\u00e8ge efficacement votre \u00e9cran contre les\u00a0<strong data-start=\"601\" data-end=\"643\">rayures, chocs et impacts du quotidien<\/strong>.<\/p>\n<p data-start=\"646\" data-end=\"881\">Gr\u00e2ce \u00e0 sa conception ultra fine, il garantit une\u00a0<strong data-start=\"696\" data-end=\"726\">sensibilit\u00e9 tactile fluide<\/strong>\u00a0et une\u00a0<strong data-start=\"734\" data-end=\"760\">qualit\u00e9 d\u2019affichage HD<\/strong>\u00a0sans alt\u00e9ration des couleurs. Sa surface r\u00e9sistante limite \u00e9galement les traces de doigts pour un \u00e9cran toujours propre.<\/p>\n<p data-start=\"883\" data-end=\"1000\">Facile \u00e0 installer, il s\u2019adapte parfaitement \u00e0 l\u2019\u00e9cran 6,1 pouces de votre iPhone et assure une\u00a0<strong data-start=\"979\" data-end=\"999\">pose sans bulles<\/strong>.<\/p>\n<hr data-start=\"1002\" data-end=\"1005\" \/>\n<h3 data-section-id=\"c9wzy0\" data-start=\"1007\" data-end=\"1030\">\u2699\ufe0f Caract\u00e9ristiques<\/h3>\n<ul data-start=\"1032\" data-end=\"1379\">\n<li data-section-id=\"1ext2v7\" data-start=\"1032\" data-end=\"1077\">Type : Verre tremp\u00e9 de protection d\u2019\u00e9cran<\/li>\n<li data-section-id=\"86wt8w\" data-start=\"1078\" data-end=\"1128\">Marque :\u00a0<span class=\"hover:entity-accent entity-underline inline cursor-pointer align-baseline\"><span class=\"whitespace-normal\">Baseus<\/span><\/span><\/li>\n<li data-section-id=\"1x0rlxn\" data-start=\"1129\" data-end=\"1181\">Compatibilit\u00e9 : Apple iPhone 13 Pro (6,1 pouces)<\/li>\n<li data-section-id=\"w5pskj\" data-start=\"1182\" data-end=\"1225\">R\u00e9sistance : Anti-rayures et anti-chocs<\/li>\n<li data-section-id=\"80vig4\" data-start=\"1226\" data-end=\"1260\">Transparence : HD ultra claire<\/li>\n<li data-section-id=\"j0qztc\" data-start=\"1261\" data-end=\"1304\">Sensibilit\u00e9 : Tactile pr\u00e9cise et fluide<\/li>\n<li data-section-id=\"dnq00q\" data-start=\"1305\" data-end=\"1345\">Installation : Rapide et sans bulles<\/li>\n<li data-section-id=\"1ed1wsw\" data-start=\"1346\" data-end=\"1379\">Design : Ultra fin et discret<\/li>\n<\/ul>\n<hr data-start=\"1381\" data-end=\"1384\" \/>\n<h3 data-section-id=\"p60hx9\" data-start=\"1386\" data-end=\"1405\">\ud83d\udca5 Points forts<\/h3>\n<p data-start=\"1407\" data-end=\"1712\">\u2714\ufe0f\u00a0<strong data-start=\"1410\" data-end=\"1434\">Protection renforc\u00e9e<\/strong>\u00a0: Contre rayures et chocs<br data-start=\"1460\" data-end=\"1463\" \/>\u2714\ufe0f\u00a0<strong data-start=\"1466\" data-end=\"1480\">Qualit\u00e9 HD<\/strong>\u00a0: Affichage net et lumineux<br data-start=\"1508\" data-end=\"1511\" \/>\u2714\ufe0f\u00a0<strong data-start=\"1514\" data-end=\"1533\">Toucher naturel<\/strong>\u00a0: Aucune perte de sensibilit\u00e9<br data-start=\"1563\" data-end=\"1566\" \/>\u2714\ufe0f\u00a0<strong data-start=\"1569\" data-end=\"1592\">Installation facile<\/strong>\u00a0: Pose rapide sans bulles<br data-start=\"1618\" data-end=\"1621\" \/>\u2714\ufe0f\u00a0<strong data-start=\"1624\" data-end=\"1639\">Anti-traces<\/strong>\u00a0: \u00c9cran plus propre au quotidien<br data-start=\"1672\" data-end=\"1675\" \/>\u2714\ufe0f\u00a0<strong data-start=\"1678\" data-end=\"1691\">Invisible<\/strong>\u00a0: Design ultra fin<\/p>\n<hr data-start=\"1714\" data-end=\"1717\" \/>\n<h3 data-section-id=\"11vkqse\" data-start=\"1719\" data-end=\"1738\">\ud83c\udfaf Id\u00e9al pour :<\/h3>\n<ul data-start=\"1740\" data-end=\"1879\">\n<li data-section-id=\"1vbnyc5\" data-start=\"1740\" data-end=\"1772\">Utilisateurs d\u2019iPhone 13 Pro<\/li>\n<li data-section-id=\"1kfnrrn\" data-start=\"1773\" data-end=\"1810\">Protection quotidienne de l\u2019\u00e9cran<\/li>\n<li data-section-id=\"p2nmpy\" data-start=\"1811\" data-end=\"1848\">Pr\u00e9server la valeur du smartphone<\/li>\n<li data-section-id=\"e7d18p\" data-start=\"1849\" data-end=\"1879\">\u00c9viter fissures et rayures<\/li>\n<\/ul>\n","protected":false},"excerpt":{"rendered":"<h3 data-section-id=\"og6sjy\" data-start=\"79\" data-end=\"200\">Film de Protection en Verre Tremp\u00e9\u00a0<strong data-start=\"121\" data-end=\"200\"><span class=\"hover:entity-accent entity-underline inline cursor-pointer align-baseline\"><span class=\"whitespace-normal\">Baseus<\/span><\/span>\u00a0pour Apple iPhone 13 Pro (6,1 pouces)<\/strong><\/h3>\n<p data-start=\"202\" data-end=\"427\"><strong data-start=\"202\" data-end=\"285\">Prot\u00e9gez votre iPhone avec une s\u00e9curit\u00e9 maximale et une transparence parfaite !<\/strong><br data-start=\"285\" data-end=\"288\" \/>Le verre tremp\u00e9 Baseus est con\u00e7u pour offrir une\u00a0<strong data-start=\"337\" data-end=\"372\">protection efficace et discr\u00e8te<\/strong>\u00a0tout en conservant l\u2019exp\u00e9rience utilisateur d\u2019origine.<\/p>\n","protected":false},"featured_media":11661,"comment_status":"open","ping_status":"closed","template":"","meta":[],"product_cat":[80],"product_tag":[],"class_list":{"0":"post-11660","1":"product","2":"type-product","3":"status-publish","4":"has-post-thumbnail","6":"product_cat-accessoires-divers","8":"first","9":"instock","10":"shipping-taxable","11":"purchasable","12":"product-type-simple"},"jetpack_sharing_enabled":true,"_links":{"self":[{"href":"https:\/\/baseus.ci\/index.php\/wp-json\/wp\/v2\/product\/11660","targetHints":{"allow":["GET"]}}],"collection":[{"href":"https:\/\/baseus.ci\/index.php\/wp-json\/wp\/v2\/product"}],"about":[{"href":"https:\/\/baseus.ci\/index.php\/wp-json\/wp\/v2\/types\/product"}],"replies":[{"embeddable":true,"href":"https:\/\/baseus.ci\/index.php\/wp-json\/wp\/v2\/comments?post=11660"}],"wp:featuredmedia":[{"embeddable":true,"href":"https:\/\/baseus.ci\/index.php\/wp-json\/wp\/v2\/media\/11661"}],"wp:attachment":[{"href":"https:\/\/baseus.ci\/index.php\/wp-json\/wp\/v2\/media?parent=11660"}],"wp:term":[{"taxonomy":"product_cat","embeddable":true,"href":"https:\/\/baseus.ci\/index.php\/wp-json\/wp\/v2\/product_cat?post=11660"},{"taxonomy":"product_tag","embeddable":true,"href":"https:\/\/baseus.ci\/index.php\/wp-json\/wp\/v2\/product_tag?post=11660"}],"curies":[{"name":"wp","href":"https:\/\/api.w.org\/{rel}","templated":true}]}}