{"id":11653,"date":"2026-04-27T16:55:17","date_gmt":"2026-04-27T14:55:17","guid":{"rendered":"https:\/\/baseus.ci\/?post_type=product&#038;p=11653"},"modified":"2026-04-27T16:55:17","modified_gmt":"2026-04-27T14:55:17","slug":"protection-decran-en-verre-trempe-baseus-modele-pour-iphone-13-pro-max-de-67-pouces","status":"publish","type":"product","link":"https:\/\/baseus.ci\/index.php\/product\/protection-decran-en-verre-trempe-baseus-modele-pour-iphone-13-pro-max-de-67-pouces\/","title":{"rendered":"protection d&rsquo;\u00e9cran en verre tremp\u00e9 Baseus mod\u00e8le pour iPhone 13 Pro Max de 6,7 pouces"},"content":{"rendered":"<h3 data-section-id=\"c9wzy0\" data-start=\"963\" data-end=\"986\">\u2699\ufe0f Caract\u00e9ristiques<\/h3>\n<ul data-start=\"988\" data-end=\"1345\">\n<li title=\"\" data-section-id=\"1ext2v7\" data-start=\"988\" data-end=\"1033\">Type : Verre tremp\u00e9 de protection d\u2019\u00e9cran<\/li>\n<li title=\"\" data-section-id=\"86wt8w\" data-start=\"1034\" data-end=\"1084\">Marque :\u00a0<span class=\"hover:entity-accent entity-underline inline cursor-pointer align-baseline\"><span class=\"whitespace-normal\">Baseus<\/span><\/span><\/li>\n<li title=\"\" data-section-id=\"ieifap\" data-start=\"1085\" data-end=\"1135\">Compatibilit\u00e9 : iPhone 13 Pro Max (6,7 pouces)<\/li>\n<li title=\"\" data-section-id=\"14htxdl\" data-start=\"1136\" data-end=\"1186\">Duret\u00e9 : Haute r\u00e9sistance aux chocs et rayures<\/li>\n<li data-section-id=\"mju3jc\" data-start=\"1187\" data-end=\"1223\">Transparence : Ultra-claire (HD)<\/li>\n<li title=\"\" data-section-id=\"1317lg0\" data-start=\"1224\" data-end=\"1267\">Sensibilit\u00e9 : Tactile fluide et pr\u00e9cise<\/li>\n<li title=\"\" data-section-id=\"a9ixs1\" data-start=\"1268\" data-end=\"1311\">Installation : Sans bulles, pose facile<\/li>\n<li title=\"\" data-section-id=\"98apnh\" data-start=\"1312\" data-end=\"1345\">Design : Ultra-fin et discret<\/li>\n<\/ul>\n<hr data-start=\"1347\" data-end=\"1350\" \/>\n<h3 title=\"\" data-section-id=\"p60hx9\" data-start=\"1352\" data-end=\"1371\">\ud83d\udca5 Points forts<\/h3>\n<p title=\"\" data-start=\"1373\" data-end=\"1721\" data-speechifyplaybackhighlighter-highlight=\"true\">\u2714\ufe0f\u00a0<strong data-start=\"1376\" data-end=\"1400\">Protection renforc\u00e9e<\/strong>\u00a0: Contre chocs et rayures du quotidien<br data-start=\"1439\" data-end=\"1442\" \/>\u2714\ufe0f\u00a0<strong data-start=\"1445\" data-end=\"1470\">Ultra transparence HD<\/strong>\u00a0: Qualit\u00e9 d\u2019\u00e9cran pr\u00e9serv\u00e9e<br data-start=\"1498\" data-end=\"1501\" \/>\u2714\ufe0f\u00a0<strong data-start=\"1504\" data-end=\"1535\">R\u00e9activit\u00e9 tactile parfaite<\/strong>\u00a0: Aucune perte de sensibilit\u00e9<br data-start=\"1565\" data-end=\"1568\" \/>\u2714\ufe0f\u00a0<strong data-start=\"1571\" data-end=\"1594\">Installation facile<\/strong>\u00a0: Sans bulles ni traces<br data-start=\"1618\" data-end=\"1621\" \/>\u2714\ufe0f\u00a0<strong data-start=\"1624\" data-end=\"1637\">Ultra-fin<\/strong>\u00a0: Invisible une fois pos\u00e9<br data-start=\"1663\" data-end=\"1666\" \/>\u2714\ufe0f\u00a0<strong data-start=\"1669\" data-end=\"1690\">Durabilit\u00e9 \u00e9lev\u00e9e<\/strong>\u00a0: Longue dur\u00e9e de protection<\/p>\n<hr data-start=\"1723\" data-end=\"1726\" \/>\n<h3 data-section-id=\"11vkqse\" data-start=\"1728\" data-end=\"1747\">\ud83c\udfaf Id\u00e9al pour :<\/h3>\n<ul data-start=\"1749\" data-end=\"1900\">\n<li title=\"\" data-section-id=\"1fyriyp\" data-start=\"1749\" data-end=\"1785\">Utilisateurs d\u2019iPhone 13 Pro Max<\/li>\n<li title=\"\" data-section-id=\"15hew7a\" data-start=\"1786\" data-end=\"1829\">Protection contre les chutes et rayures<\/li>\n<li title=\"\" data-section-id=\"9s4k9w\" data-start=\"1830\" data-end=\"1871\">Pr\u00e9server la valeur de son smartphone<\/li>\n<li title=\"\" data-section-id=\"9wbsu1\" data-start=\"1872\" data-end=\"1900\">Usage quotidien intensif<\/li>\n<\/ul>\n","protected":false},"excerpt":{"rendered":"<h3 data-section-id=\"1n72lbl\" data-start=\"66\" data-end=\"185\">Protection d\u2019\u00e9cran en verre tremp\u00e9\u00a0<strong data-start=\"108\" data-end=\"185\"><span class=\"hover:entity-accent entity-underline inline cursor-pointer align-baseline\"><span class=\"whitespace-normal\">Baseus<\/span><\/span>\u00a0pour iPhone 13 Pro Max (6,7 pouces)<\/strong><\/h3>\n<p data-start=\"187\" data-end=\"410\"><strong data-start=\"187\" data-end=\"252\">Prot\u00e9gez l\u2019\u00e9cran de votre iPhone avec une s\u00e9curit\u00e9 maximale !<\/strong><br data-start=\"252\" data-end=\"255\" \/>Le verre tremp\u00e9 Baseus offre une protection haut de gamme contre les chocs, rayures et traces du quotidien, tout en conservant une clart\u00e9 d\u2019\u00e9cran parfaite.<\/p>\n","protected":false},"featured_media":11654,"comment_status":"open","ping_status":"closed","template":"","meta":[],"product_cat":[80],"product_tag":[],"class_list":{"0":"post-11653","1":"product","2":"type-product","3":"status-publish","4":"has-post-thumbnail","6":"product_cat-accessoires-divers","8":"first","9":"instock","10":"shipping-taxable","11":"purchasable","12":"product-type-simple"},"jetpack_sharing_enabled":true,"_links":{"self":[{"href":"https:\/\/baseus.ci\/index.php\/wp-json\/wp\/v2\/product\/11653","targetHints":{"allow":["GET"]}}],"collection":[{"href":"https:\/\/baseus.ci\/index.php\/wp-json\/wp\/v2\/product"}],"about":[{"href":"https:\/\/baseus.ci\/index.php\/wp-json\/wp\/v2\/types\/product"}],"replies":[{"embeddable":true,"href":"https:\/\/baseus.ci\/index.php\/wp-json\/wp\/v2\/comments?post=11653"}],"wp:featuredmedia":[{"embeddable":true,"href":"https:\/\/baseus.ci\/index.php\/wp-json\/wp\/v2\/media\/11654"}],"wp:attachment":[{"href":"https:\/\/baseus.ci\/index.php\/wp-json\/wp\/v2\/media?parent=11653"}],"wp:term":[{"taxonomy":"product_cat","embeddable":true,"href":"https:\/\/baseus.ci\/index.php\/wp-json\/wp\/v2\/product_cat?post=11653"},{"taxonomy":"product_tag","embeddable":true,"href":"https:\/\/baseus.ci\/index.php\/wp-json\/wp\/v2\/product_tag?post=11653"}],"curies":[{"name":"wp","href":"https:\/\/api.w.org\/{rel}","templated":true}]}}