{"id":11641,"date":"2026-04-26T03:27:58","date_gmt":"2026-04-26T01:27:58","guid":{"rendered":"https:\/\/baseus.ci\/?post_type=product&#038;p=11641"},"modified":"2026-04-26T03:27:58","modified_gmt":"2026-04-26T01:27:58","slug":"support-de-telephone-pour-grille-daeration-baseus-cube-gravity-pour-voiture-argent-suyl-fk0s","status":"publish","type":"product","link":"https:\/\/baseus.ci\/index.php\/product\/support-de-telephone-pour-grille-daeration-baseus-cube-gravity-pour-voiture-argent-suyl-fk0s\/","title":{"rendered":"Support de t\u00e9l\u00e9phone pour grille d&rsquo;a\u00e9ration Baseus Cube Gravity pour voiture, argent (SUYL-FK0S)"},"content":{"rendered":"<p data-start=\"419\" data-end=\"610\">Le\u00a0<strong data-start=\"422\" data-end=\"512\">support t\u00e9l\u00e9phone voiture\u00a0<span class=\"hover:entity-accent entity-underline inline cursor-pointer align-baseline\"><span class=\"whitespace-normal\">Baseus<\/span><\/span>\u00a0Cube Gravity SUYL-FK01<\/strong>\u00a0est con\u00e7u pour maintenir votre smartphone de mani\u00e8re\u00a0<strong data-start=\"566\" data-end=\"589\">stable et s\u00e9curis\u00e9e<\/strong>\u00a0pendant vos trajets.<\/p>\n<p data-start=\"612\" data-end=\"849\">Gr\u00e2ce \u00e0 son\u00a0<strong data-start=\"624\" data-end=\"658\">syst\u00e8me gravitaire intelligent<\/strong>, le support s\u2019ajuste automatiquement au poids de votre t\u00e9l\u00e9phone : plus besoin de manipulation complexe. Il suffit de poser votre appareil, et les bras se referment pour un maintien parfait.<\/p>\n<p data-start=\"851\" data-end=\"1038\">Son design compact en forme de cube s\u2019int\u00e8gre discr\u00e8tement \u00e0 l\u2019int\u00e9rieur de votre v\u00e9hicule, tout en offrant une excellente visibilit\u00e9 pour la navigation GPS et les appels en mains libres.<\/p>\n<hr data-start=\"1040\" data-end=\"1043\" \/>\n<h3 data-section-id=\"c9wzy0\" data-start=\"1045\" data-end=\"1068\">\u2699\ufe0f Caract\u00e9ristiques<\/h3>\n<ul data-start=\"1070\" data-end=\"1404\">\n<li data-section-id=\"wqew4n\" data-start=\"1070\" data-end=\"1106\">Type : Support t\u00e9l\u00e9phone voiture<\/li>\n<li data-section-id=\"1y7xpbk\" data-start=\"1107\" data-end=\"1142\">Mod\u00e8le : Cube Gravity SUYL-FK01<\/li>\n<li data-section-id=\"86wt8w\" data-start=\"1143\" data-end=\"1193\">Marque :\u00a0<span class=\"hover:entity-accent entity-underline inline cursor-pointer align-baseline\"><span class=\"whitespace-normal\">Baseus<\/span><\/span><\/li>\n<li data-section-id=\"1kvewtc\" data-start=\"1194\" data-end=\"1230\">Syst\u00e8me : Gravitaire automatique<\/li>\n<li data-section-id=\"ganimz\" data-start=\"1231\" data-end=\"1263\">Fixation : Grille d\u2019a\u00e9ration<\/li>\n<li data-section-id=\"1evl9pq\" data-start=\"1264\" data-end=\"1318\">Compatibilit\u00e9 : Smartphones de diff\u00e9rentes tailles<\/li>\n<li data-section-id=\"e3l3o4\" data-start=\"1319\" data-end=\"1349\">Rotation : Angle ajustable<\/li>\n<li data-section-id=\"hd9uh5\" data-start=\"1350\" data-end=\"1385\">Mat\u00e9riau : R\u00e9sistant et durable<\/li>\n<li data-section-id=\"p340xr\" data-start=\"1386\" data-end=\"1404\">Couleur : Noir<\/li>\n<\/ul>\n<hr data-start=\"1406\" data-end=\"1409\" \/>\n<h3 data-section-id=\"p60hx9\" data-start=\"1411\" data-end=\"1430\">\ud83d\udca5 Points forts<\/h3>\n<p data-start=\"1432\" data-end=\"1805\">\u2714\ufe0f\u00a0<strong data-start=\"1435\" data-end=\"1469\">Syst\u00e8me gravitaire intelligent<\/strong>\u00a0: Ajustement automatique du t\u00e9l\u00e9phone<br data-start=\"1507\" data-end=\"1510\" \/>\u2714\ufe0f\u00a0<strong data-start=\"1513\" data-end=\"1534\">Maintien s\u00e9curis\u00e9<\/strong>\u00a0: Stabilit\u00e9 m\u00eame sur route irr\u00e9guli\u00e8re<br data-start=\"1573\" data-end=\"1576\" \/>\u2714\ufe0f\u00a0<strong data-start=\"1579\" data-end=\"1605\">Utilisation \u00e0 une main<\/strong>\u00a0: Simple et rapide<br data-start=\"1624\" data-end=\"1627\" \/>\u2714\ufe0f\u00a0<strong data-start=\"1630\" data-end=\"1648\">Design compact<\/strong>\u00a0: Discret et \u00e9l\u00e9gant<br data-start=\"1669\" data-end=\"1672\" \/>\u2714\ufe0f\u00a0<strong data-start=\"1675\" data-end=\"1693\">Angle r\u00e9glable<\/strong>\u00a0: Meilleure visibilit\u00e9 pour le GPS<br data-start=\"1728\" data-end=\"1731\" \/>\u2714\ufe0f\u00a0<strong data-start=\"1734\" data-end=\"1757\">Installation facile<\/strong>\u00a0: Se fixe rapidement sur la grille d\u2019a\u00e9ration<\/p>\n<hr data-start=\"1807\" data-end=\"1810\" \/>\n<h3 data-section-id=\"11vkqse\" data-start=\"1812\" data-end=\"1831\">\ud83c\udfaf Id\u00e9al pour :<\/h3>\n<ul data-start=\"1833\" data-end=\"1971\">\n<li data-section-id=\"1tgo3ya\" data-start=\"1833\" data-end=\"1863\">Utilisation GPS en voiture<\/li>\n<li data-section-id=\"w4wqpi\" data-start=\"1864\" data-end=\"1905\">Appels mains libres en toute s\u00e9curit\u00e9<\/li>\n<li data-section-id=\"3pudpx\" data-start=\"1906\" data-end=\"1931\">Conducteurs r\u00e9guliers<\/li>\n<li data-section-id=\"1irhwbb\" data-start=\"1932\" data-end=\"1971\">Trajets quotidiens ou longs voyages<\/li>\n<\/ul>\n","protected":false},"excerpt":{"rendered":"<h3 data-section-id=\"1woowi9\" data-start=\"66\" data-end=\"172\">Support T\u00e9l\u00e9phone Voiture\u00a0<strong data-start=\"99\" data-end=\"172\"><span class=\"hover:entity-accent entity-underline inline cursor-pointer align-baseline\"><span class=\"whitespace-normal\">Baseus<\/span><\/span>\u00a0Cube Gravity \u2013 SUYL-FK01 (Noir)<\/strong><\/h3>\n<p data-start=\"174\" data-end=\"388\"><strong data-start=\"174\" data-end=\"254\">Conduisez en toute s\u00e9curit\u00e9 avec votre smartphone toujours \u00e0 port\u00e9e de vue !<\/strong><br data-start=\"254\" data-end=\"257\" \/>Le support voiture Baseus Cube Gravity allie stabilit\u00e9, simplicit\u00e9 et design compact pour une utilisation confortable au quotidien.<\/p>\n","protected":false},"featured_media":11642,"comment_status":"open","ping_status":"closed","template":"","meta":[],"product_cat":[73],"product_tag":[],"class_list":{"0":"post-11641","1":"product","2":"type-product","3":"status-publish","4":"has-post-thumbnail","6":"product_cat-in-auto","8":"first","9":"instock","10":"shipping-taxable","11":"purchasable","12":"product-type-simple"},"jetpack_sharing_enabled":true,"_links":{"self":[{"href":"https:\/\/baseus.ci\/index.php\/wp-json\/wp\/v2\/product\/11641","targetHints":{"allow":["GET"]}}],"collection":[{"href":"https:\/\/baseus.ci\/index.php\/wp-json\/wp\/v2\/product"}],"about":[{"href":"https:\/\/baseus.ci\/index.php\/wp-json\/wp\/v2\/types\/product"}],"replies":[{"embeddable":true,"href":"https:\/\/baseus.ci\/index.php\/wp-json\/wp\/v2\/comments?post=11641"}],"wp:featuredmedia":[{"embeddable":true,"href":"https:\/\/baseus.ci\/index.php\/wp-json\/wp\/v2\/media\/11642"}],"wp:attachment":[{"href":"https:\/\/baseus.ci\/index.php\/wp-json\/wp\/v2\/media?parent=11641"}],"wp:term":[{"taxonomy":"product_cat","embeddable":true,"href":"https:\/\/baseus.ci\/index.php\/wp-json\/wp\/v2\/product_cat?post=11641"},{"taxonomy":"product_tag","embeddable":true,"href":"https:\/\/baseus.ci\/index.php\/wp-json\/wp\/v2\/product_tag?post=11641"}],"curies":[{"name":"wp","href":"https:\/\/api.w.org\/{rel}","templated":true}]}}