{"id":11609,"date":"2026-04-26T03:09:36","date_gmt":"2026-04-26T01:09:36","guid":{"rendered":"https:\/\/baseus.ci\/?post_type=product&#038;p=11609"},"modified":"2026-04-26T03:09:36","modified_gmt":"2026-04-26T01:09:36","slug":"chargeur-de-voiture-double-usb-3-1a-baseus-small-rice-grain-noirccall-ml01","status":"publish","type":"product","link":"https:\/\/baseus.ci\/index.php\/product\/chargeur-de-voiture-double-usb-3-1a-baseus-small-rice-grain-noirccall-ml01\/","title":{"rendered":"Chargeur de Voiture Double USB 3.1A Baseus Small Rice Grain (Noir)CCALL-ML01"},"content":{"rendered":"<h3 data-section-id=\"1gmz609\" data-start=\"371\" data-end=\"393\">\ud83d\udd0d Description<\/h3>\n<p data-start=\"395\" data-end=\"578\">Le\u00a0<strong data-start=\"398\" data-end=\"492\">chargeur de voiture double USB 3.1A\u00a0<span class=\"hover:entity-accent entity-underline inline cursor-pointer align-baseline\"><span class=\"whitespace-normal\">Baseus<\/span><\/span>\u00a0Small Rice Grain<\/strong>\u00a0est con\u00e7u pour offrir une\u00a0<strong data-start=\"519\" data-end=\"548\">charge rapide et efficace<\/strong>\u00a0dans un format ultra discret.<\/p>\n<p data-start=\"580\" data-end=\"808\">Gr\u00e2ce \u00e0 ses\u00a0<strong data-start=\"592\" data-end=\"610\">deux ports USB<\/strong>, vous pouvez recharger\u00a0<strong data-start=\"634\" data-end=\"666\">deux appareils en m\u00eame temps<\/strong>\u00a0sans perte de performance. Sa puissance totale de\u00a0<strong data-start=\"717\" data-end=\"725\">3.1A<\/strong>\u00a0garantit une recharge rapide et stable pour smartphones, tablettes et accessoires.<\/p>\n<p data-start=\"810\" data-end=\"949\">Son design miniature s\u2019int\u00e8gre parfaitement dans la prise allume-cigare sans d\u00e9passer, pour un rendu propre et \u00e9l\u00e9gant dans votre v\u00e9hicule.<\/p>\n<hr data-start=\"951\" data-end=\"954\" \/>\n<h3 data-section-id=\"c9wzy0\" data-start=\"956\" data-end=\"979\">\u2699\ufe0f Caract\u00e9ristiques<\/h3>\n<ul data-start=\"981\" data-end=\"1303\">\n<li data-section-id=\"1djmzg0\" data-start=\"981\" data-end=\"1011\">Type : Chargeur de voiture<\/li>\n<li data-section-id=\"86wt8w\" data-start=\"1012\" data-end=\"1062\">Marque :\u00a0<span class=\"hover:entity-accent entity-underline inline cursor-pointer align-baseline\"><span class=\"whitespace-normal\">Baseus<\/span><\/span><\/li>\n<li data-section-id=\"149z8d2\" data-start=\"1063\" data-end=\"1082\">Ports : 2 x USB<\/li>\n<li data-section-id=\"gfdshs\" data-start=\"1083\" data-end=\"1103\">Intensit\u00e9 : 3.1A<\/li>\n<li data-section-id=\"1flfavy\" data-start=\"1104\" data-end=\"1138\">Fonction : Recharge simultan\u00e9e<\/li>\n<li data-section-id=\"xf0jx5\" data-start=\"1139\" data-end=\"1177\">Installation : Prise allume-cigare<\/li>\n<li data-section-id=\"q8it2s\" data-start=\"1178\" data-end=\"1233\">Compatibilit\u00e9 : Smartphones, tablettes, accessoires<\/li>\n<li data-section-id=\"1sihcqx\" data-start=\"1234\" data-end=\"1284\">Design : Ultra compact (format \u201cgrain de riz\u201d)<\/li>\n<li data-section-id=\"p340xr\" data-start=\"1285\" data-end=\"1303\">Couleur : Noir<\/li>\n<\/ul>\n<hr data-start=\"1305\" data-end=\"1308\" \/>\n<h3 data-section-id=\"p60hx9\" data-start=\"1310\" data-end=\"1329\">\ud83d\udca5 Points forts<\/h3>\n<p data-start=\"1331\" data-end=\"1670\">\u2714\ufe0f\u00a0<strong data-start=\"1334\" data-end=\"1353\">Double port USB<\/strong>\u00a0: Recharge 2 appareils en m\u00eame temps<br data-start=\"1390\" data-end=\"1393\" \/>\u2714\ufe0f\u00a0<strong data-start=\"1396\" data-end=\"1418\">Charge rapide 3.1A<\/strong>\u00a0: Gain de temps en d\u00e9placement<br data-start=\"1449\" data-end=\"1452\" \/>\u2714\ufe0f\u00a0<strong data-start=\"1455\" data-end=\"1472\">Ultra compact<\/strong>\u00a0: Design discret et \u00e9l\u00e9gant<br data-start=\"1500\" data-end=\"1503\" \/>\u2714\ufe0f\u00a0<strong data-start=\"1506\" data-end=\"1528\">Utilisation simple<\/strong>\u00a0: Plug &amp; Play<br data-start=\"1542\" data-end=\"1545\" \/>\u2714\ufe0f\u00a0<strong data-start=\"1548\" data-end=\"1569\">S\u00e9curit\u00e9 int\u00e9gr\u00e9e<\/strong>\u00a0: Protection contre surtension et surchauffe<br data-start=\"1614\" data-end=\"1617\" \/>\u2714\ufe0f\u00a0<strong data-start=\"1620\" data-end=\"1642\">Parfait en voiture<\/strong>\u00a0: Ne g\u00eane pas l\u2019habitacle<\/p>\n<hr data-start=\"1672\" data-end=\"1675\" \/>\n<h3 data-section-id=\"11vkqse\" data-start=\"1677\" data-end=\"1696\">\ud83c\udfaf Id\u00e9al pour :<\/h3>\n<ul data-start=\"1698\" data-end=\"1845\">\n<li data-section-id=\"3pudpx\" data-start=\"1698\" data-end=\"1723\">Conducteurs r\u00e9guliers<\/li>\n<li data-section-id=\"szqj1a\" data-start=\"1724\" data-end=\"1770\">Recharge simultan\u00e9e de plusieurs appareils<\/li>\n<li data-section-id=\"1irhwbb\" data-start=\"1771\" data-end=\"1810\">Trajets quotidiens ou longs voyages<\/li>\n<li data-section-id=\"o2x7mk\" data-start=\"1811\" data-end=\"1845\">Utilisation simple et efficace<\/li>\n<\/ul>\n","protected":false},"excerpt":{"rendered":"<h3 data-section-id=\"1flr5l8\" data-start=\"66\" data-end=\"176\">Chargeur de Voiture Double USB 3.1A\u00a0<strong data-start=\"111\" data-end=\"176\"><span class=\"hover:entity-accent entity-underline inline cursor-pointer align-baseline\"><span class=\"whitespace-normal\">Baseus<\/span><\/span>\u00a0Small Rice Grain (Noir)<\/strong><\/h3>\n<p data-start=\"178\" data-end=\"364\"><strong data-start=\"178\" data-end=\"214\">Petit format, grande puissance !<\/strong><br data-start=\"214\" data-end=\"217\" \/>Le chargeur voiture Baseus Small Rice Grain est ultra compact mais puissant, id\u00e9al pour recharger deux appareils simultan\u00e9ment pendant vos trajets.<\/p>\n","protected":false},"featured_media":11610,"comment_status":"open","ping_status":"closed","template":"","meta":[],"product_cat":[73],"product_tag":[],"class_list":{"0":"post-11609","1":"product","2":"type-product","3":"status-publish","4":"has-post-thumbnail","6":"product_cat-in-auto","8":"first","9":"instock","10":"shipping-taxable","11":"purchasable","12":"product-type-simple"},"jetpack_sharing_enabled":true,"_links":{"self":[{"href":"https:\/\/baseus.ci\/index.php\/wp-json\/wp\/v2\/product\/11609","targetHints":{"allow":["GET"]}}],"collection":[{"href":"https:\/\/baseus.ci\/index.php\/wp-json\/wp\/v2\/product"}],"about":[{"href":"https:\/\/baseus.ci\/index.php\/wp-json\/wp\/v2\/types\/product"}],"replies":[{"embeddable":true,"href":"https:\/\/baseus.ci\/index.php\/wp-json\/wp\/v2\/comments?post=11609"}],"wp:featuredmedia":[{"embeddable":true,"href":"https:\/\/baseus.ci\/index.php\/wp-json\/wp\/v2\/media\/11610"}],"wp:attachment":[{"href":"https:\/\/baseus.ci\/index.php\/wp-json\/wp\/v2\/media?parent=11609"}],"wp:term":[{"taxonomy":"product_cat","embeddable":true,"href":"https:\/\/baseus.ci\/index.php\/wp-json\/wp\/v2\/product_cat?post=11609"},{"taxonomy":"product_tag","embeddable":true,"href":"https:\/\/baseus.ci\/index.php\/wp-json\/wp\/v2\/product_tag?post=11609"}],"curies":[{"name":"wp","href":"https:\/\/api.w.org\/{rel}","templated":true}]}}